Last updated on 2025-02-21 13:50:53 CET.
Flavor | Version | Tinstall | Tcheck | Ttotal | Status | Flags |
---|---|---|---|---|---|---|
r-devel-linux-x86_64-debian-clang | 0.1.3 | 25.11 | 312.80 | 337.91 | OK | |
r-devel-linux-x86_64-debian-gcc | 0.1.3 | 14.40 | 204.14 | 218.54 | OK | |
r-devel-linux-x86_64-fedora-clang | 0.1.3 | 531.30 | OK | |||
r-devel-linux-x86_64-fedora-gcc | 0.1.3 | 530.28 | OK | |||
r-devel-macos-arm64 | 0.1.3 | 139.00 | OK | |||
r-devel-macos-x86_64 | 0.1.3 | 290.00 | OK | |||
r-devel-windows-x86_64 | 0.1.3 | 21.00 | 274.00 | 295.00 | OK | |
r-patched-linux-x86_64 | 0.1.3 | 21.16 | 290.54 | 311.70 | OK | |
r-release-linux-x86_64 | 0.1.3 | 19.87 | 292.75 | 312.62 | OK | |
r-release-macos-arm64 | 0.1.3 | 102.00 | OK | |||
r-release-macos-x86_64 | 0.1.3 | 11.00 | ERROR | |||
r-release-windows-x86_64 | 0.1.3 | 22.00 | 284.00 | 306.00 | OK | |
r-oldrel-macos-arm64 | 0.1.3 | 10.00 | ERROR | |||
r-oldrel-macos-x86_64 | 0.1.3 | 11.00 | ERROR | |||
r-oldrel-windows-x86_64 | 0.1.3 | 30.00 | 341.00 | 371.00 | OK |
Version: 0.1.3
Check: package dependencies
Result: ERROR
Package required but not available: ‘QSutils’
See section ‘The DESCRIPTION file’ in the ‘Writing R Extensions’
manual.
Flavors: r-release-macos-x86_64, r-oldrel-macos-arm64, r-oldrel-macos-x86_64