CRAN Package Check Results for Package lodr

Last updated on 2025-06-30 15:49:42 CEST.

Flavor Version Tinstall Tcheck Ttotal Status Flags
r-devel-linux-x86_64-debian-clang 1.0 23.22 91.89 115.11 NOTE
r-devel-linux-x86_64-debian-gcc 1.0 19.11 47.64 66.75 NOTE
r-devel-linux-x86_64-fedora-clang 1.0 206.61 NOTE
r-devel-linux-x86_64-fedora-gcc 1.0 150.31 NOTE
r-devel-windows-x86_64 1.0 30.00 94.00 124.00 NOTE
r-patched-linux-x86_64 NOTE
r-release-linux-x86_64 1.0 25.58 65.37 90.95 NOTE
r-release-macos-arm64 1.0 44.00 NOTE
r-release-macos-x86_64 1.0 77.00 NOTE
r-release-windows-x86_64 1.0 29.00 95.00 124.00 NOTE
r-oldrel-macos-arm64 1.0 41.00 NOTE
r-oldrel-macos-x86_64 1.0 63.00 NOTE
r-oldrel-windows-x86_64 1.0 35.00 108.00 143.00 NOTE

Check Details

Version: 1.0
Check: CRAN incoming feasibility
Result: NOTE Maintainer: ‘Kevin Donovan <kmdono02@ad.unc.edu>’ No Authors@R field in DESCRIPTION. Please add one, modifying Authors@R: person(given = "Kevin", family = "Donovan", role = c("aut", "cre"), email = "kmdono02@ad.unc.edu") as necessary. Flavors: r-devel-linux-x86_64-debian-clang, r-devel-linux-x86_64-debian-gcc

Version: 1.0
Check: C++ specification
Result: NOTE Specified C++11: please drop specification unless essential Flavors: r-devel-linux-x86_64-debian-clang, r-devel-linux-x86_64-debian-gcc, r-devel-linux-x86_64-fedora-clang, r-devel-linux-x86_64-fedora-gcc, r-devel-windows-x86_64, r-patched-linux-x86_64, r-release-linux-x86_64, r-release-macos-arm64, r-release-macos-x86_64, r-release-windows-x86_64, r-oldrel-macos-arm64, r-oldrel-macos-x86_64, r-oldrel-windows-x86_64