Last updated on 2024-05-12 13:56:53 CEST.
Flavor | Version | Tinstall | Tcheck | Ttotal | Status | Flags |
---|---|---|---|---|---|---|
r-devel-linux-x86_64-debian-clang | 1.0 | 38.93 | 119.44 | 158.37 | NOTE | |
r-devel-linux-x86_64-debian-gcc | 1.0 | 31.90 | 64.55 | 96.45 | NOTE | |
r-devel-linux-x86_64-fedora-clang | 1.0 | 223.79 | NOTE | |||
r-devel-linux-x86_64-fedora-gcc | 1.0 | 209.25 | NOTE | |||
r-devel-windows-x86_64 | 1.0 | 32.00 | 99.00 | 131.00 | NOTE | |
r-patched-linux-x86_64 | 1.0 | 36.44 | 83.84 | 120.28 | NOTE | |
r-release-linux-x86_64 | 1.0 | 38.09 | 80.38 | 118.47 | NOTE | |
r-release-macos-arm64 | 1.0 | 41.00 | NOTE | |||
r-release-windows-x86_64 | 1.0 | 31.00 | 98.00 | 129.00 | NOTE | |
r-oldrel-macos-arm64 | 1.0 | 48.00 | NOTE | |||
r-oldrel-macos-x86_64 | 1.0 | 75.00 | NOTE | |||
r-oldrel-windows-x86_64 | 1.0 | 39.00 | 114.00 | 153.00 | NOTE |
Version: 1.0
Check: C++ specification
Result: NOTE
Specified C++11: please drop specification unless essential
Flavors: r-devel-linux-x86_64-debian-clang, r-devel-linux-x86_64-debian-gcc, r-devel-linux-x86_64-fedora-clang, r-devel-linux-x86_64-fedora-gcc, r-devel-windows-x86_64, r-patched-linux-x86_64, r-release-linux-x86_64, r-release-macos-arm64, r-release-windows-x86_64, r-oldrel-macos-arm64, r-oldrel-macos-x86_64, r-oldrel-windows-x86_64