Last updated on 2025-11-04 07:49:58 CET.
| Flavor | Version | Tinstall | Tcheck | Ttotal | Status | Flags | 
|---|---|---|---|---|---|---|
| r-devel-linux-x86_64-debian-clang | 0.3.8 | 56.35 | 500.36 | 556.71 | OK | |
| r-devel-linux-x86_64-debian-gcc | 0.3.8 | 42.41 | 372.22 | 414.63 | OK | |
| r-devel-linux-x86_64-fedora-clang | 0.3.8 | 281.00 | 649.42 | 930.42 | OK | |
| r-devel-linux-x86_64-fedora-gcc | 0.3.8 | 110.00 | 714.69 | 824.69 | OK | |
| r-devel-windows-x86_64 | 0.3.8 | 52.00 | 402.00 | 454.00 | OK | |
| r-patched-linux-x86_64 | 0.3.8 | 0.38 | 2.11 | 2.49 | ERROR | |
| r-release-linux-x86_64 | 0.3.8 | 52.68 | 481.69 | 534.37 | OK | |
| r-release-macos-arm64 | 0.3.8 | 25.00 | 172.00 | 197.00 | OK | |
| r-release-macos-x86_64 | 0.3.8 | 44.00 | 325.00 | 369.00 | OK | |
| r-release-windows-x86_64 | 0.3.8 | 52.00 | 403.00 | 455.00 | OK | |
| r-oldrel-macos-arm64 | 0.3.8 | 23.00 | 176.00 | 199.00 | NOTE | |
| r-oldrel-macos-x86_64 | 0.3.8 | 46.00 | 321.00 | 367.00 | NOTE | |
| r-oldrel-windows-x86_64 | 0.3.8 | 70.00 | 527.00 | 597.00 | OK | 
Version: 0.3.8
Check: package dependencies
Result: ERROR
  Packages required but not available:
    'ensembldb', 'GenomeInfoDb', 'rtracklayer'
  
  Package suggested but not available for checking: ‘EnsDb.Hsapiens.v75’
  
  See section ‘The DESCRIPTION file’ in the ‘Writing R Extensions’
  manual.
Flavor: r-patched-linux-x86_64
Version: 0.3.8
Check: package dependencies
Result: NOTE
  Package suggested but not available for checking: ‘EnsDb.Hsapiens.v75’
Flavors: r-oldrel-macos-arm64, r-oldrel-macos-x86_64