Last updated on 2025-11-25 07:50:01 CET.
| Flavor | Version | Tinstall | Tcheck | Ttotal | Status | Flags |
|---|---|---|---|---|---|---|
| r-devel-linux-x86_64-debian-clang | 1.7-3 | 1.78 | 30.61 | 32.39 | OK | |
| r-devel-linux-x86_64-debian-gcc | 1.7-3 | 1.43 | 24.98 | 26.41 | OK | |
| r-devel-linux-x86_64-fedora-clang | 1.7-3 | 47.60 | OK | |||
| r-devel-linux-x86_64-fedora-gcc | 1.7-3 | 59.10 | OK | |||
| r-devel-windows-x86_64 | 1.7-2 | 5.00 | 68.00 | 73.00 | NOTE | |
| r-patched-linux-x86_64 | 1.7-3 | 1.53 | 28.99 | 30.52 | OK | |
| r-release-linux-x86_64 | 1.7-3 | 1.51 | 29.27 | 30.78 | OK | |
| r-release-macos-arm64 | 1.7-2 | 1.00 | 16.00 | 17.00 | OK | |
| r-release-macos-x86_64 | 1.7-3 | 2.00 | 117.00 | 119.00 | OK | |
| r-release-windows-x86_64 | 1.7-2 | 4.00 | 66.00 | 70.00 | NOTE | |
| r-oldrel-macos-arm64 | 1.7-3 | 1.00 | 22.00 | 23.00 | OK | |
| r-oldrel-macos-x86_64 | 1.7-3 | 2.00 | 123.00 | 125.00 | OK | |
| r-oldrel-windows-x86_64 | 1.7-3 | 4.00 | 71.00 | 75.00 | OK |
Version: 1.7-2
Check: Rd cross-references
Result: NOTE
Found the following Rd file(s) with Rd \link{} targets missing package
anchors:
xtable.lm.beta.Rd: xtable
Please provide package anchors for all Rd \link{} targets not in the
package itself and the base packages.
Flavors: r-devel-windows-x86_64, r-release-windows-x86_64