Last updated on 2025-11-24 07:50:05 CET.
| Flavor | Version | Tinstall | Tcheck | Ttotal | Status | Flags |
|---|---|---|---|---|---|---|
| r-devel-linux-x86_64-debian-clang | 1.0.7 | 49.68 | 93.94 | 143.62 | NOTE | |
| r-devel-linux-x86_64-debian-gcc | 1.0.7 | 40.26 | 67.29 | 107.55 | NOTE | |
| r-devel-linux-x86_64-fedora-clang | 1.0.7 | 100.00 | 140.70 | 240.70 | OK | |
| r-devel-linux-x86_64-fedora-gcc | 1.0.7 | 91.00 | 149.95 | 240.95 | OK | |
| r-devel-windows-x86_64 | 1.0.7 | 66.00 | 116.00 | 182.00 | OK | |
| r-patched-linux-x86_64 | 1.0.7 | 57.30 | 87.09 | 144.39 | OK | |
| r-release-linux-x86_64 | 1.0.7 | 54.54 | 86.64 | 141.18 | OK | |
| r-release-macos-arm64 | 1.0.7 | OK | ||||
| r-release-macos-x86_64 | 1.0.7 | 36.00 | 99.00 | 135.00 | OK | |
| r-release-windows-x86_64 | 1.0.7 | 63.00 | 116.00 | 179.00 | OK | |
| r-oldrel-macos-arm64 | 1.0.7 | NOTE | ||||
| r-oldrel-macos-x86_64 | 1.0.7 | 14.00 | 50.00 | 64.00 | NOTE | |
| r-oldrel-windows-x86_64 | 1.0.7 | 75.00 | 148.00 | 223.00 | OK |
Version: 1.0.7
Check: CRAN incoming feasibility
Result: NOTE
Maintainer: ‘Micah Iserman <micah.iserman@gmail.com>’
No Authors@R field in DESCRIPTION.
Please add one, modifying
Authors@R: person(given = "Micah",
family = "Iserman",
role = c("aut", "cre"),
email = "micah.iserman@gmail.com")
as necessary.
Flavors: r-devel-linux-x86_64-debian-clang, r-devel-linux-x86_64-debian-gcc
Version: 1.0.7
Check: installed package size
Result: NOTE
installed size is 5.3Mb
sub-directories of 1Mb or more:
libs 4.8Mb
Flavors: r-oldrel-macos-arm64, r-oldrel-macos-x86_64