Last updated on 2025-11-24 07:50:05 CET.
| Flavor | Version | Tinstall | Tcheck | Ttotal | Status | Flags |
|---|---|---|---|---|---|---|
| r-devel-linux-x86_64-debian-clang | 1.1.5 | 9.81 | 71.09 | 80.90 | NOTE | |
| r-devel-linux-x86_64-debian-gcc | 1.1.5 | 7.34 | 51.57 | 58.91 | NOTE | |
| r-devel-linux-x86_64-fedora-clang | 1.1.5 | 23.00 | 102.06 | 125.06 | OK | |
| r-devel-linux-x86_64-fedora-gcc | 1.1.5 | 21.00 | 96.61 | 117.61 | OK | |
| r-devel-windows-x86_64 | 1.1.5 | 12.00 | 78.00 | 90.00 | OK | |
| r-patched-linux-x86_64 | 1.1.5 | 10.39 | 68.48 | 78.87 | OK | |
| r-release-linux-x86_64 | 1.1.5 | 8.84 | 68.39 | 77.23 | OK | |
| r-release-macos-arm64 | 1.1.5 | OK | ||||
| r-release-macos-x86_64 | 1.1.5 | 11.00 | 66.00 | 77.00 | OK | |
| r-release-windows-x86_64 | 1.1.5 | 10.00 | 77.00 | 87.00 | OK | |
| r-oldrel-macos-arm64 | 1.1.5 | OK | ||||
| r-oldrel-macos-x86_64 | 1.1.5 | 7.00 | 77.00 | 84.00 | OK | |
| r-oldrel-windows-x86_64 | 1.1.5 | 15.00 | 93.00 | 108.00 | OK |
Version: 1.1.5
Check: CRAN incoming feasibility
Result: NOTE
Maintainer: ‘Peter Cahusac <peteqsac@gmail.com>’
Found the following \keyword or \concept entries
which likely give several index terms:
File ‘L_1way_ANOVA.Rd’:
\keyword{ANOVA;}
\keyword{Likelihood;}
\keyword{support;}
File ‘L_1way_RM_ANOVA.Rd’:
\keyword{Likelihood;}
\keyword{support;}
File ‘L_1way_cat.Rd’:
\keyword{Likelihood-based;}
\keyword{binomial;}
File ‘L_2S_ttest.Rd’:
\keyword{Likelihood;}
\keyword{support;}
\keyword{test;}
File ‘L_2way_Factorial_ANOVA.Rd’:
\keyword{ANOVA;}
\keyword{Likelihood;}
\keyword{support;}
File ‘L_2way_cat.Rd’:
\keyword{Likelihood-based;}
File ‘L_OR.Rd’:
\keyword{Likelihood;}
\keyword{interval;}
\keyword{ratio;}
\keyword{support;}
File ‘L_RR.Rd’:
\keyword{Likelihood;}
\keyword{interval;}
\keyword{risk;}
\keyword{support;}
File ‘L_corr.Rd’:
\keyword{Likelihood;}
\keyword{correlation;}
\keyword{support;}
File ‘L_efficacy.Rd’:
\keyword{efficacy;}
\keyword{interval;}
\keyword{support;}
File ‘L_logistic_regress.Rd’:
\keyword{Likelihood;}
\keyword{support;}
File ‘L_regress.Rd’:
\keyword{Likelihood;}
\keyword{linear;}
\keyword{quadratic;}
\keyword{regression;}
\keyword{support;}
File ‘L_t_test_sample_size.Rd’:
\keyword{Likelihood;}
\keyword{evidence;}
\keyword{size;}
\keyword{test;}
File ‘L_ttest.Rd’:
\keyword{Likelihood;}
\keyword{support;}
\keyword{test;}
Flavors: r-devel-linux-x86_64-debian-clang, r-devel-linux-x86_64-debian-gcc