Last updated on 2025-11-04 07:49:58 CET.
| Flavor | Version | Tinstall | Tcheck | Ttotal | Status | Flags |
|---|---|---|---|---|---|---|
| r-devel-linux-x86_64-debian-clang | 0.1.3 | 22.10 | 30.61 | 52.71 | OK | |
| r-devel-linux-x86_64-debian-gcc | 0.1.3 | 13.04 | 24.82 | 37.86 | OK | |
| r-devel-linux-x86_64-fedora-clang | 0.1.3 | 77.00 | 19.74 | 96.74 | OK | |
| r-devel-linux-x86_64-fedora-gcc | 0.1.3 | 43.00 | 52.46 | 95.46 | OK | |
| r-devel-windows-x86_64 | 0.1.3 | 30.00 | 64.00 | 94.00 | OK | |
| r-patched-linux-x86_64 | 0.1.3 | 21.86 | 28.68 | 50.54 | OK | |
| r-release-linux-x86_64 | 0.1.3 | 20.48 | 28.29 | 48.77 | OK | |
| r-release-macos-arm64 | 0.1.3 | 9.00 | 58.00 | 67.00 | OK | |
| r-release-macos-x86_64 | 0.1.3 | 17.00 | 69.00 | 86.00 | OK | |
| r-release-windows-x86_64 | 0.1.3 | 28.00 | 65.00 | 93.00 | OK | |
| r-oldrel-macos-arm64 | 0.1.3 | 7.00 | 54.00 | 61.00 | NOTE | |
| r-oldrel-macos-x86_64 | 0.1.3 | 16.00 | 82.00 | 98.00 | NOTE | |
| r-oldrel-windows-x86_64 | 0.1.3 | 33.00 | 81.00 | 114.00 | NOTE |
Version: 0.1.3
Check: for GNU extensions in Makefiles
Result: NOTE
GNU make is a SystemRequirements.
Flavors: r-oldrel-macos-arm64, r-oldrel-macos-x86_64, r-oldrel-windows-x86_64