CRAN Package Check Results for Package libdeflate

Last updated on 2025-06-30 15:49:42 CEST.

Flavor Version Tinstall Tcheck Ttotal Status Flags
r-devel-linux-x86_64-debian-clang 1.24-2 11.70 18.94 30.64 OK
r-devel-linux-x86_64-debian-gcc 1.24-3 10.19 15.95 26.14 OK
r-devel-linux-x86_64-fedora-clang 1.24-3 47.34 WARN
r-devel-linux-x86_64-fedora-gcc 1.24-4 159.34 ERROR
r-devel-windows-x86_64 1.24-3 36.00 38.00 74.00 OK
r-patched-linux-x86_64 OK
r-release-linux-x86_64 1.24-3 13.26 16.61 29.87 OK
r-release-macos-arm64 1.24-2 24.00 OK
r-release-macos-x86_64 1.24-4 61.00 OK
r-release-windows-x86_64 1.24-2 48.00 40.00 88.00 OK
r-oldrel-macos-arm64 1.24-2 31.00 NOTE
r-oldrel-macos-x86_64 1.24-4 63.00 NOTE
r-oldrel-windows-x86_64 1.24-4 13968.00 39.00 14007.00 NOTE

Check Details

Version: 1.24-3
Check: whether package can be installed
Result: WARN Found the following significant warnings: clang-20: warning: /usr/local/clang20/include: 'linker' input unused [-Wunused-command-line-argument] See ‘/data/gannet/ripley/R/packages/tests-clang/libdeflate.Rcheck/00install.out’ for details. * used C compiler: ‘clang version 20.1.7’ Flavor: r-devel-linux-x86_64-fedora-clang

Version: 1.24-4
Check: whether package can be installed
Result: ERROR Installation failed. Flavor: r-devel-linux-x86_64-fedora-gcc

Version: 1.24-2
Check: for GNU extensions in Makefiles
Result: NOTE GNU make is a SystemRequirements. Flavor: r-oldrel-macos-arm64

Version: 1.24-4
Check: for GNU extensions in Makefiles
Result: NOTE GNU make is a SystemRequirements. Flavors: r-oldrel-macos-x86_64, r-oldrel-windows-x86_64