CRAN Package Check Results for Package lgpr

Last updated on 2025-06-30 15:49:42 CEST.

Flavor Version Tinstall Tcheck Ttotal Status Flags
r-devel-linux-x86_64-debian-clang 1.2.4 498.27 222.52 720.79 NOTE
r-devel-linux-x86_64-debian-gcc 1.2.4 474.23 191.88 666.11 NOTE
r-devel-linux-x86_64-fedora-clang 1.2.4 1079.33 NOTE
r-devel-linux-x86_64-fedora-gcc 1.2.4 1445.57 NOTE
r-devel-windows-x86_64 1.2.4 542.00 283.00 825.00 NOTE
r-patched-linux-x86_64 NOTE
r-release-linux-x86_64 1.2.4 597.23 262.86 860.09 NOTE
r-release-macos-arm64 1.2.4 282.00 NOTE
r-release-macos-x86_64 1.2.4 406.00 NOTE
r-release-windows-x86_64 1.2.4 543.00 276.00 819.00 NOTE
r-oldrel-macos-arm64 1.2.4 158.00 NOTE
r-oldrel-macos-x86_64 1.2.4 192.00 NOTE
r-oldrel-windows-x86_64 1.2.4 607.00 335.00 942.00 NOTE

Check Details

Version: 1.2.4
Check: Rd files
Result: NOTE checkRd: (-1) prior_to_num.Rd:13: Lost braces; missing escapes or markup? 13 | {'uniform', 'normal', 'student-t', 'gamma', 'inv-gamma', 'log-normal'} | ^ Flavors: r-devel-linux-x86_64-debian-clang, r-devel-linux-x86_64-debian-gcc, r-devel-linux-x86_64-fedora-clang, r-devel-linux-x86_64-fedora-gcc, r-devel-windows-x86_64, r-patched-linux-x86_64, r-release-linux-x86_64, r-release-macos-arm64, r-release-macos-x86_64, r-release-windows-x86_64, r-oldrel-macos-arm64, r-oldrel-macos-x86_64, r-oldrel-windows-x86_64

Version: 1.2.4
Check: installed package size
Result: NOTE installed size is 115.7Mb sub-directories of 1Mb or more: libs 114.4Mb Flavors: r-oldrel-macos-arm64, r-oldrel-macos-x86_64, r-oldrel-windows-x86_64

Version: 1.2.4
Check: for GNU extensions in Makefiles
Result: NOTE GNU make is a SystemRequirements. Flavors: r-oldrel-macos-arm64, r-oldrel-macos-x86_64, r-oldrel-windows-x86_64