Last updated on 2025-02-21 13:50:53 CET.
Flavor | Version | Tinstall | Tcheck | Ttotal | Status | Flags |
---|---|---|---|---|---|---|
r-devel-linux-x86_64-debian-clang | 1.1 | 29.06 | 131.50 | 160.56 | OK | |
r-devel-linux-x86_64-debian-gcc | 1.1 | 22.82 | 103.09 | 125.91 | OK | |
r-devel-linux-x86_64-fedora-clang | 1.1 | 269.66 | NOTE | |||
r-devel-linux-x86_64-fedora-gcc | 1.1 | 311.53 | NOTE | |||
r-devel-macos-arm64 | 1.1 | 104.00 | OK | |||
r-devel-macos-x86_64 | 1.1 | 232.00 | OK | |||
r-devel-windows-x86_64 | 1.1 | 34.00 | 175.00 | 209.00 | OK | |
r-patched-linux-x86_64 | 1.1 | 33.42 | 150.10 | 183.52 | OK | |
r-release-linux-x86_64 | 1.1 | 29.60 | 146.86 | 176.46 | OK | |
r-release-macos-arm64 | 1.1 | 99.00 | NOTE | |||
r-release-macos-x86_64 | 1.1 | 209.00 | NOTE | |||
r-release-windows-x86_64 | 1.1 | 34.00 | 180.00 | 214.00 | OK | |
r-oldrel-macos-arm64 | 1.1 | 110.00 | NOTE | |||
r-oldrel-macos-x86_64 | 1.1 | 156.00 | NOTE | |||
r-oldrel-windows-x86_64 | 1.1 | 40.00 | 217.00 | 257.00 | OK |
Version: 1.1
Check: dependencies in R code
Result: NOTE
Namespaces in Imports field not imported from:
‘ggplot2’ ‘knitr’ ‘purrr’ ‘rmarkdown’
All declared Imports should be used.
Flavors: r-devel-linux-x86_64-fedora-clang, r-devel-linux-x86_64-fedora-gcc
Version: 1.1
Check: installed package size
Result: NOTE
installed size is 11.4Mb
sub-directories of 1Mb or more:
data 1.8Mb
libs 9.1Mb
Flavors: r-release-macos-arm64, r-release-macos-x86_64, r-oldrel-macos-arm64, r-oldrel-macos-x86_64