Last updated on 2024-05-12 13:56:53 CEST.
Flavor | Version | Tinstall | Tcheck | Ttotal | Status | Flags |
---|---|---|---|---|---|---|
r-devel-linux-x86_64-debian-clang | 0.2 | 1.55 | 19.43 | 20.98 | NOTE | |
r-devel-linux-x86_64-debian-gcc | 0.2 | 1.41 | 15.14 | 16.55 | NOTE | |
r-devel-linux-x86_64-fedora-clang | 0.2 | 27.44 | NOTE | |||
r-devel-linux-x86_64-fedora-gcc | 0.2 | 28.96 | NOTE | |||
r-devel-windows-x86_64 | 0.2 | 2.00 | 34.00 | 36.00 | NOTE | |
r-patched-linux-x86_64 | 0.2 | 1.69 | 18.68 | 20.37 | NOTE | |
r-release-linux-x86_64 | 0.2 | 1.88 | 18.57 | 20.45 | NOTE | |
r-release-macos-arm64 | 0.2 | 12.00 | NOTE | |||
r-release-windows-x86_64 | 0.2 | 2.00 | 33.00 | 35.00 | NOTE | |
r-oldrel-macos-arm64 | 0.2 | 13.00 | NOTE | |||
r-oldrel-macos-x86_64 | 0.2 | 17.00 | NOTE | |||
r-oldrel-windows-x86_64 | 0.2 | 3.00 | 31.00 | 34.00 | NOTE |
Version: 0.2
Check: LazyData
Result: NOTE
'LazyData' is specified without a 'data' directory
Flavors: r-devel-linux-x86_64-debian-clang, r-devel-linux-x86_64-debian-gcc, r-devel-linux-x86_64-fedora-clang, r-devel-linux-x86_64-fedora-gcc, r-devel-windows-x86_64, r-patched-linux-x86_64, r-release-linux-x86_64, r-release-macos-arm64, r-release-windows-x86_64, r-oldrel-macos-arm64, r-oldrel-macos-x86_64, r-oldrel-windows-x86_64