Last updated on 2025-11-04 07:49:58 CET.
| Flavor | Version | Tinstall | Tcheck | Ttotal | Status | Flags | 
|---|---|---|---|---|---|---|
| r-devel-linux-x86_64-debian-clang | 1.8 | 3.41 | 31.01 | 34.42 | NOTE | |
| r-devel-linux-x86_64-debian-gcc | 1.8 | 2.38 | 23.46 | 25.84 | NOTE | |
| r-devel-linux-x86_64-fedora-clang | 1.8 | 13.00 | 39.72 | 52.72 | OK | |
| r-devel-linux-x86_64-fedora-gcc | 1.8 | 48.19 | OK | |||
| r-devel-windows-x86_64 | 1.8 | 4.00 | 66.00 | 70.00 | OK | |
| r-patched-linux-x86_64 | 1.8 | 3.46 | 29.76 | 33.22 | OK | |
| r-release-linux-x86_64 | 1.8 | 2.92 | 29.27 | 32.19 | OK | |
| r-release-macos-arm64 | 1.8 | 2.00 | 19.00 | 21.00 | OK | |
| r-release-macos-x86_64 | 1.8 | 5.00 | 43.00 | 48.00 | OK | |
| r-release-windows-x86_64 | 1.8 | 3.00 | 64.00 | 67.00 | OK | |
| r-oldrel-macos-arm64 | 1.8 | 2.00 | 27.00 | 29.00 | OK | |
| r-oldrel-macos-x86_64 | 1.8 | 2.00 | 25.00 | 27.00 | OK | |
| r-oldrel-windows-x86_64 | 1.8 | 5.00 | 68.00 | 73.00 | OK | 
Version: 1.8
Check: CRAN incoming feasibility
Result: NOTE
  Maintainer: ‘Panagiotis Papastamoulis <papapast@yahoo.gr>’
  
  No Authors@R field in DESCRIPTION.
  Please add one, modifying
    Authors@R: person(given = "Panagiotis",
                      family = "Papastamoulis",
                      role = c("aut", "cre"),
                      email = "papapast@yahoo.gr")
  as necessary.
Flavors: r-devel-linux-x86_64-debian-clang, r-devel-linux-x86_64-debian-gcc