Last updated on 2025-02-21 13:50:53 CET.
Flavor | Version | Tinstall | Tcheck | Ttotal | Status | Flags |
---|---|---|---|---|---|---|
r-devel-linux-x86_64-debian-clang | 0.1.0 | 3.28 | 35.25 | 38.53 | OK | |
r-devel-linux-x86_64-debian-gcc | 0.1.0 | 2.47 | 26.81 | 29.28 | OK | |
r-devel-linux-x86_64-fedora-clang | 0.1.0 | 65.18 | OK | |||
r-devel-linux-x86_64-fedora-gcc | 0.1.0 | 60.26 | OK | |||
r-devel-macos-arm64 | 0.1.0 | 22.00 | OK | |||
r-devel-macos-x86_64 | 0.1.0 | 38.00 | OK | |||
r-devel-windows-x86_64 | 0.1.0 | 4.00 | 65.00 | 69.00 | OK | |
r-patched-linux-x86_64 | 0.1.0 | 3.07 | 33.89 | 36.96 | NOTE | |
r-release-linux-x86_64 | 0.1.0 | 2.62 | 34.52 | 37.14 | NOTE | |
r-release-macos-arm64 | 0.1.0 | 22.00 | NOTE | |||
r-release-macos-x86_64 | 0.1.0 | 31.00 | NOTE | |||
r-release-windows-x86_64 | 0.1.0 | 5.00 | 53.00 | 58.00 | NOTE | |
r-oldrel-macos-arm64 | 0.1.0 | 22.00 | NOTE | |||
r-oldrel-macos-x86_64 | 0.1.0 | 34.00 | NOTE | |||
r-oldrel-windows-x86_64 | 0.1.0 | 5.00 | 56.00 | 61.00 | NOTE |
Version: 0.1.0
Check: LazyData
Result: NOTE
'LazyData' is specified without a 'data' directory
Flavors: r-patched-linux-x86_64, r-release-linux-x86_64, r-release-macos-arm64, r-release-macos-x86_64, r-release-windows-x86_64, r-oldrel-macos-arm64, r-oldrel-macos-x86_64, r-oldrel-windows-x86_64