Last updated on 2025-06-30 15:49:42 CEST.
Flavor | Version | Tinstall | Tcheck | Ttotal | Status | Flags |
---|---|---|---|---|---|---|
r-devel-linux-x86_64-debian-clang | 1.73 | 5.14 | 60.26 | 65.40 | OK | |
r-devel-linux-x86_64-debian-gcc | 1.73 | 3.84 | 45.69 | 49.53 | OK | |
r-devel-linux-x86_64-fedora-clang | 1.73 | 112.07 | NOTE | |||
r-devel-linux-x86_64-fedora-gcc | 1.73 | 104.94 | NOTE | |||
r-devel-windows-x86_64 | 1.73 | 7.00 | 114.00 | 121.00 | OK | |
r-patched-linux-x86_64 | OK | |||||
r-release-linux-x86_64 | 1.73 | 5.48 | 57.38 | 62.86 | OK | |
r-release-macos-arm64 | 1.73 | 43.00 | OK | |||
r-release-macos-x86_64 | 1.73 | 79.00 | OK | |||
r-release-windows-x86_64 | 1.73 | 7.00 | 111.00 | 118.00 | OK | |
r-oldrel-macos-arm64 | 1.73 | 42.00 | OK | |||
r-oldrel-macos-x86_64 | 1.73 | 55.00 | OK | |||
r-oldrel-windows-x86_64 | 1.73 | 9.00 | 121.00 | 130.00 | OK |
Version: 1.73
Check: dependencies in R code
Result: NOTE
Namespace in Imports field not imported from: ‘RUnit’
All declared Imports should be used.
Flavors: r-devel-linux-x86_64-fedora-clang, r-devel-linux-x86_64-fedora-gcc