CRAN Package Check Results for Package knitrdata

Last updated on 2025-02-21 13:50:52 CET.

Flavor Version Tinstall Tcheck Ttotal Status Flags
r-devel-linux-x86_64-debian-clang 0.6.1 2.58 42.70 45.28 OK
r-devel-linux-x86_64-debian-gcc 0.6.1 1.56 34.90 36.46 OK
r-devel-linux-x86_64-fedora-clang 0.6.1 76.74 NOTE
r-devel-linux-x86_64-fedora-gcc 0.6.1 89.94 NOTE
r-devel-macos-arm64 0.6.1 40.00 OK
r-devel-macos-x86_64 0.6.1 74.00 OK
r-devel-windows-x86_64 0.6.1 3.00 73.00 76.00 OK
r-patched-linux-x86_64 0.6.1 2.66 40.70 43.36 NOTE
r-release-linux-x86_64 0.6.1 2.10 40.89 42.99 NOTE
r-release-macos-arm64 0.6.1 37.00 NOTE
r-release-macos-x86_64 0.6.1 79.00 NOTE
r-release-windows-x86_64 0.6.1 4.00 69.00 73.00 NOTE
r-oldrel-macos-arm64 0.6.1 36.00 NOTE
r-oldrel-macos-x86_64 0.6.1 51.00 NOTE
r-oldrel-windows-x86_64 0.6.1 4.00 112.00 116.00 NOTE

Check Details

Version: 0.6.1
Check: dependencies in R code
Result: NOTE Namespace in Imports field not imported from: ‘methods’ All declared Imports should be used. Flavors: r-devel-linux-x86_64-fedora-clang, r-devel-linux-x86_64-fedora-gcc

Version: 0.6.1
Check: LazyData
Result: NOTE 'LazyData' is specified without a 'data' directory Flavors: r-patched-linux-x86_64, r-release-linux-x86_64, r-release-macos-arm64, r-release-macos-x86_64, r-release-windows-x86_64, r-oldrel-macos-arm64, r-oldrel-macos-x86_64, r-oldrel-windows-x86_64