Last updated on 2024-05-02 12:50:52 CEST.
Flavor | Version | Tinstall | Tcheck | Ttotal | Status | Flags |
---|---|---|---|---|---|---|
r-devel-linux-x86_64-debian-clang | 0.0.16 | 11.86 | 33.28 | 45.14 | NOTE | |
r-devel-linux-x86_64-debian-gcc | 0.0.16 | 13.61 | 24.93 | 38.54 | NOTE | |
r-devel-linux-x86_64-fedora-clang | 0.0.16 | 59.37 | NOTE | |||
r-devel-linux-x86_64-fedora-gcc | 0.0.16 | 65.30 | NOTE | |||
r-devel-windows-x86_64 | 0.0.16 | 35.00 | 54.00 | 89.00 | NOTE | |
r-patched-linux-x86_64 | 0.0.16 | 18.08 | 31.48 | 49.56 | OK | |
r-release-linux-x86_64 | 0.0.16 | 15.50 | 31.53 | 47.03 | OK | |
r-release-macos-arm64 | 0.0.16 | 23.00 | OK | |||
r-release-macos-x86_64 | 0.0.16 | 42.00 | OK | |||
r-release-windows-x86_64 | 0.0.16 | 33.00 | 54.00 | 87.00 | OK | |
r-oldrel-macos-arm64 | 0.0.16 | 28.00 | OK | |||
r-oldrel-macos-x86_64 | 0.0.16 | 47.00 | OK | |||
r-oldrel-windows-x86_64 | 0.0.16 | 41.00 | 55.00 | 96.00 | OK |
Version: 0.0.16
Check: compiled code
Result: NOTE
File ‘kit/libs/kit.so’:
Found non-API call to R: ‘SETLENGTH’
Compiled code should not call non-API entry points in R.
See ‘Writing portable packages’ in the ‘Writing R Extensions’ manual.
Flavors: r-devel-linux-x86_64-debian-clang, r-devel-linux-x86_64-debian-gcc, r-devel-linux-x86_64-fedora-clang, r-devel-linux-x86_64-fedora-gcc
Version: 0.0.16
Check: compiled code
Result: NOTE
File 'kit/libs/x64/kit.dll':
Found non-API call to R: 'SETLENGTH'
Compiled code should not call non-API entry points in R.
See 'Writing portable packages' in the 'Writing R Extensions' manual.
Flavor: r-devel-windows-x86_64