Last updated on 2025-11-24 07:50:04 CET.
| Flavor | Version | Tinstall | Tcheck | Ttotal | Status | Flags |
|---|---|---|---|---|---|---|
| r-devel-linux-x86_64-debian-clang | 0.10.2 | 15.87 | 135.63 | 151.50 | NOTE | |
| r-devel-linux-x86_64-debian-gcc | 0.10.2 | 10.02 | 93.12 | 103.14 | NOTE | |
| r-devel-linux-x86_64-fedora-clang | 0.10.2 | 39.00 | 182.11 | 221.11 | NOTE | |
| r-devel-linux-x86_64-fedora-gcc | 0.10.2 | 35.00 | 188.25 | 223.25 | NOTE | |
| r-devel-windows-x86_64 | 0.10.2 | 19.00 | 146.00 | 165.00 | NOTE | |
| r-patched-linux-x86_64 | 0.10.2 | 15.78 | 123.67 | 139.45 | NOTE | |
| r-release-linux-x86_64 | 0.10.2 | 13.49 | 124.58 | 138.07 | NOTE | |
| r-release-macos-arm64 | 0.10.2 | NOTE | ||||
| r-release-macos-x86_64 | 0.10.2 | 12.00 | 109.00 | 121.00 | NOTE | |
| r-release-windows-x86_64 | 0.10.2 | 16.00 | 147.00 | 163.00 | NOTE | |
| r-oldrel-macos-arm64 | 0.10.2 | NOTE | ||||
| r-oldrel-macos-x86_64 | 0.10.2 | 18.00 | 82.00 | 100.00 | NOTE | |
| r-oldrel-windows-x86_64 | 0.10.2 | 22.00 | 186.00 | 208.00 | NOTE |
Version: 0.10.2
Check: Rd files
Result: NOTE
checkRd: (-1) mount_appdata.Rd:10: Lost braces; missing escapes or markup?
10 | \item{x}{An object of class \code{KinPairData} or {KinPairSimulation}}
| ^
Flavors: r-devel-linux-x86_64-debian-clang, r-devel-linux-x86_64-debian-gcc, r-devel-linux-x86_64-fedora-clang, r-devel-linux-x86_64-fedora-gcc, r-devel-windows-x86_64, r-patched-linux-x86_64, r-release-linux-x86_64, r-release-macos-arm64, r-release-macos-x86_64, r-release-windows-x86_64, r-oldrel-macos-arm64, r-oldrel-macos-x86_64, r-oldrel-windows-x86_64
Version: 0.10.2
Check: dependencies in R code
Result: NOTE
Namespaces in Imports field not imported from:
‘fitdistrplus’ ‘plotly’
All declared Imports should be used.
Flavors: r-devel-linux-x86_64-fedora-clang, r-devel-linux-x86_64-fedora-gcc