Last updated on 2025-11-04 07:49:57 CET.
| Flavor | Version | Tinstall | Tcheck | Ttotal | Status | Flags | 
|---|---|---|---|---|---|---|
| r-devel-linux-x86_64-debian-clang | 1.17.0 | 6.74 | 167.56 | 174.30 | OK | |
| r-devel-linux-x86_64-debian-gcc | 1.17.0 | 4.81 | 118.57 | 123.38 | OK | |
| r-devel-linux-x86_64-fedora-clang | 1.17.0 | 33.00 | 236.48 | 269.48 | OK | |
| r-devel-linux-x86_64-fedora-gcc | 1.17.0 | 14.00 | 234.12 | 248.12 | OK | |
| r-devel-windows-x86_64 | 1.17.0 | 8.00 | 190.00 | 198.00 | OK | |
| r-patched-linux-x86_64 | 1.17.0 | 13.08 | 159.17 | 172.25 | OK | |
| r-release-linux-x86_64 | 1.17.0 | 6.72 | 158.72 | 165.44 | OK | |
| r-release-macos-arm64 | 1.17.0 | 6.00 | 73.00 | 79.00 | OK | |
| r-release-macos-x86_64 | 1.17.0 | 15.00 | 320.00 | 335.00 | OK | |
| r-release-windows-x86_64 | 1.17.0 | 9.00 | 195.00 | 204.00 | OK | |
| r-oldrel-macos-arm64 | 1.17.0 | 3.00 | 78.00 | 81.00 | OK | |
| r-oldrel-macos-x86_64 | 1.17.0 | 14.00 | 341.00 | 355.00 | NOTE | |
| r-oldrel-windows-x86_64 | 1.17.0 | 12.00 | 236.00 | 248.00 | OK | 
Version: 1.17.0
Check: installed package size
Result: NOTE
    installed size is  5.0Mb
    sub-directories of 1Mb or more:
      doc   3.1Mb
Flavor: r-oldrel-macos-x86_64