Last updated on 2025-02-21 13:50:52 CET.
Flavor | Version | Tinstall | Tcheck | Ttotal | Status | Flags |
---|---|---|---|---|---|---|
r-devel-linux-x86_64-debian-clang | 0.2.1 | 75.00 | 119.00 | 194.00 | OK | |
r-devel-linux-x86_64-debian-gcc | 0.2.1 | 66.43 | 85.68 | 152.11 | OK | |
r-devel-linux-x86_64-fedora-clang | 0.2.1 | 314.33 | NOTE | |||
r-devel-linux-x86_64-fedora-gcc | 0.2.1 | 364.23 | NOTE | |||
r-devel-macos-arm64 | 0.2.1 | 97.00 | OK | |||
r-devel-macos-x86_64 | 0.2.1 | 175.00 | OK | |||
r-devel-windows-x86_64 | 0.2.1 | 83.00 | 161.00 | 244.00 | OK | |
r-patched-linux-x86_64 | 0.2.1 | 88.84 | 115.56 | 204.40 | OK | |
r-release-linux-x86_64 | 0.2.1 | 89.04 | 115.18 | 204.22 | OK | |
r-release-macos-arm64 | 0.2.1 | 238.00 | NOTE | |||
r-release-macos-x86_64 | 0.2.1 | 287.00 | NOTE | |||
r-release-windows-x86_64 | 0.2.1 | 82.00 | 164.00 | 246.00 | OK | |
r-oldrel-macos-arm64 | 0.2.1 | 241.00 | NOTE | |||
r-oldrel-macos-x86_64 | 0.2.1 | 273.00 | NOTE | |||
r-oldrel-windows-x86_64 | 0.2.1 | 104.00 | 199.00 | 303.00 | OK |
Version: 0.2.1
Check: dependencies in R code
Result: NOTE
Namespace in Imports field not imported from: ‘RcppProgress’
All declared Imports should be used.
Flavors: r-devel-linux-x86_64-fedora-clang, r-devel-linux-x86_64-fedora-gcc
Version: 0.2.1
Check: installed package size
Result: NOTE
installed size is 18.3Mb
sub-directories of 1Mb or more:
libs 17.9Mb
Flavors: r-release-macos-arm64, r-release-macos-x86_64, r-oldrel-macos-arm64, r-oldrel-macos-x86_64