Last updated on 2025-06-30 15:49:42 CEST.
Flavor | Version | Tinstall | Tcheck | Ttotal | Status | Flags |
---|---|---|---|---|---|---|
r-devel-linux-x86_64-debian-clang | 0.1.0 | 5.10 | 50.60 | 55.70 | OK | |
r-devel-linux-x86_64-debian-gcc | 0.1.0 | 3.68 | 39.04 | 42.72 | OK | |
r-devel-linux-x86_64-fedora-clang | 0.1.0 | 80.09 | OK | |||
r-devel-linux-x86_64-fedora-gcc | 0.1.0 | 79.87 | OK | |||
r-devel-windows-x86_64 | 0.1.0 | 7.00 | 67.00 | 74.00 | OK | |
r-patched-linux-x86_64 | OK | |||||
r-release-linux-x86_64 | 0.1.0 | 4.60 | 47.64 | 52.24 | OK | |
r-release-macos-arm64 | 0.1.0 | 35.00 | OK | |||
r-release-macos-x86_64 | 0.1.0 | 56.00 | OK | |||
r-release-windows-x86_64 | 0.1.0 | 7.00 | 64.00 | 71.00 | OK | |
r-oldrel-macos-arm64 | 0.1.0 | 27.00 | NOTE | |||
r-oldrel-macos-x86_64 | 0.1.0 | 42.00 | NOTE | |||
r-oldrel-windows-x86_64 | 0.1.0 | 9.00 | 80.00 | 89.00 | NOTE |
Version: 0.1.0
Check: LazyData
Result: NOTE
'LazyData' is specified without a 'data' directory
Flavors: r-oldrel-macos-arm64, r-oldrel-macos-x86_64, r-oldrel-windows-x86_64