Last updated on 2025-06-30 15:49:41 CEST.
Flavor | Version | Tinstall | Tcheck | Ttotal | Status | Flags |
---|---|---|---|---|---|---|
r-devel-linux-x86_64-debian-clang | 0.1.2 | 10.16 | 86.71 | 96.87 | OK | |
r-devel-linux-x86_64-debian-gcc | 0.1.2 | 7.67 | 63.03 | 70.70 | OK | |
r-devel-linux-x86_64-fedora-clang | 0.1.2 | 145.46 | OK | |||
r-devel-linux-x86_64-fedora-gcc | 0.1.2 | 142.48 | OK | |||
r-devel-windows-x86_64 | 0.1.2 | 13.00 | 131.00 | 144.00 | OK | |
r-patched-linux-x86_64 | OK | |||||
r-release-linux-x86_64 | 0.1.2 | 9.86 | 80.62 | 90.48 | OK | |
r-release-macos-arm64 | 0.1.2 | 93.00 | OK | |||
r-release-macos-x86_64 | 0.1.2 | 139.00 | OK | |||
r-release-windows-x86_64 | 0.1.2 | 13.00 | 124.00 | 137.00 | OK | |
r-oldrel-macos-arm64 | 0.1.2 | 10.00 | ERROR | |||
r-oldrel-macos-x86_64 | 0.1.2 | 12.00 | ERROR | |||
r-oldrel-windows-x86_64 | 0.1.2 | 17.00 | 152.00 | 169.00 | OK |
Version: 0.1.2
Check: package dependencies
Result: ERROR
Package required and available but unsuitable version: ‘stats’
See section ‘The DESCRIPTION file’ in the ‘Writing R Extensions’
manual.
Flavors: r-oldrel-macos-arm64, r-oldrel-macos-x86_64