Last updated on 2025-11-16 07:49:37 CET.
| Flavor | Version | Tinstall | Tcheck | Ttotal | Status | Flags |
|---|---|---|---|---|---|---|
| r-devel-linux-x86_64-debian-clang | 2.3.2 | 1.74 | 22.29 | 24.03 | OK | |
| r-devel-linux-x86_64-debian-gcc | 2.3.2 | 1.35 | 17.69 | 19.04 | NOTE | |
| r-devel-linux-x86_64-fedora-clang | 2.3.2 | 35.18 | OK | |||
| r-devel-linux-x86_64-fedora-gcc | 2.3.2 | 33.83 | OK | |||
| r-devel-windows-x86_64 | 2.3.2 | 3.00 | 39.00 | 42.00 | OK | |
| r-patched-linux-x86_64 | 2.3.2 | 1.97 | 21.07 | 23.04 | OK | |
| r-release-linux-x86_64 | 2.3.2 | 1.81 | 20.81 | 22.62 | OK | |
| r-release-macos-arm64 | 2.3.2 | 1.00 | 15.00 | 16.00 | OK | |
| r-release-macos-x86_64 | 2.3.2 | 2.00 | 22.00 | 24.00 | OK | |
| r-release-windows-x86_64 | 2.3.2 | 3.00 | 38.00 | 41.00 | OK | |
| r-oldrel-macos-arm64 | 2.3.2 | 1.00 | 16.00 | 17.00 | OK | |
| r-oldrel-macos-x86_64 | 2.3.2 | 2.00 | 27.00 | 29.00 | OK | |
| r-oldrel-windows-x86_64 | 2.3.2 | 3.00 | 41.00 | 44.00 | OK |
Version: 2.3.2
Check: CRAN incoming feasibility
Result: NOTE
Maintainer: ‘Leo Belzile <belzilel@gmail.com>’
The BugReports field in DESCRIPTION has
https://github.com/lbelzile/jointPm/issues/
which should likely be
https://github.com/lbelzile/jointPm/issues/issues
instead.
Flavor: r-devel-linux-x86_64-debian-gcc