CRAN Package Check Results for Package jmetrik

Last updated on 2025-11-16 07:49:37 CET.

Flavor Version Tinstall Tcheck Ttotal Status Flags
r-devel-linux-x86_64-debian-clang 1.1 1.64 19.08 20.72 NOTE
r-devel-linux-x86_64-debian-gcc 1.1 1.23 15.64 16.87 NOTE
r-devel-linux-x86_64-fedora-clang 1.1 29.50 OK
r-devel-linux-x86_64-fedora-gcc 1.1 28.31 OK
r-devel-windows-x86_64 1.1 2.00 38.00 40.00 OK
r-patched-linux-x86_64 1.1 1.56 18.21 19.77 OK
r-release-linux-x86_64 1.1 1.62 18.20 19.82 OK
r-release-macos-arm64 1.1 1.00 16.00 17.00 OK
r-release-macos-x86_64 1.1 1.00 24.00 25.00 OK
r-release-windows-x86_64 1.1 2.00 38.00 40.00 OK
r-oldrel-macos-arm64 1.1 1.00 15.00 16.00 OK
r-oldrel-macos-x86_64 1.1 1.00 18.00 19.00 OK
r-oldrel-windows-x86_64 1.1 3.00 40.00 43.00 OK

Check Details

Version: 1.1
Check: CRAN incoming feasibility
Result: NOTE Maintainer: ‘J. Patrick Meyer <meyerjp3@gmail.com>’ No Authors@R field in DESCRIPTION. Please add one, modifying Authors@R: person(given = c("J.", "Patrick"), family = "Meyer", role = c("aut", "cre"), email = "support@itemanalysis.com") as necessary. Flavors: r-devel-linux-x86_64-debian-clang, r-devel-linux-x86_64-debian-gcc