Last updated on 2024-05-09 12:49:14 CEST.
Flavor | Version | Tinstall | Tcheck | Ttotal | Status | Flags |
---|---|---|---|---|---|---|
r-devel-linux-x86_64-debian-clang | 1.0.0 | 3.42 | 26.14 | 29.56 | OK | |
r-devel-linux-x86_64-debian-gcc | 1.0.0 | 2.21 | 20.66 | 22.87 | OK | |
r-devel-linux-x86_64-fedora-clang | 1.0.0 | 38.05 | NOTE | |||
r-devel-linux-x86_64-fedora-gcc | 1.0.0 | 42.12 | NOTE | |||
r-devel-windows-x86_64 | 1.0.0 | 5.00 | 43.00 | 48.00 | OK | |
r-patched-linux-x86_64 | 1.0.0 | 3.17 | 25.20 | 28.37 | OK | |
r-release-linux-x86_64 | 1.0.0 | 3.13 | 24.76 | 27.89 | OK | |
r-release-macos-arm64 | 1.0.0 | 17.00 | OK | |||
r-release-windows-x86_64 | 1.0.0 | 6.00 | 43.00 | 49.00 | OK | |
r-oldrel-macos-arm64 | 1.0.0 | 18.00 | OK | |||
r-oldrel-macos-x86_64 | 1.0.0 | 26.00 | OK | |||
r-oldrel-windows-x86_64 | 1.0.0 | 5.00 | 43.00 | 48.00 | OK |
Version: 1.0.0
Check: data for non-ASCII characters
Result: NOTE
Note: found 1 marked UTF-8 string
Flavors: r-devel-linux-x86_64-fedora-clang, r-devel-linux-x86_64-fedora-gcc