Last updated on 2024-05-12 13:56:52 CEST.
Flavor | Version | Tinstall | Tcheck | Ttotal | Status | Flags |
---|---|---|---|---|---|---|
r-devel-linux-x86_64-debian-clang | 1.0.0 | 3.59 | 38.15 | 41.74 | OK | |
r-devel-linux-x86_64-debian-gcc | 1.0.0 | 2.39 | 31.05 | 33.44 | OK | |
r-devel-linux-x86_64-fedora-clang | 1.0.0 | 55.57 | NOTE | |||
r-devel-linux-x86_64-fedora-gcc | 1.0.0 | 85.08 | NOTE | |||
r-devel-windows-x86_64 | 1.0.0 | 4.00 | 52.00 | 56.00 | OK | |
r-patched-linux-x86_64 | 1.0.0 | 2.77 | 38.00 | 40.77 | OK | |
r-release-linux-x86_64 | 1.0.0 | 3.37 | 38.54 | 41.91 | OK | |
r-release-macos-arm64 | 1.0.0 | 27.00 | OK | |||
r-release-windows-x86_64 | 1.0.0 | 4.00 | 51.00 | 55.00 | OK | |
r-oldrel-macos-arm64 | 1.0.0 | 27.00 | OK | |||
r-oldrel-macos-x86_64 | 1.0.0 | 38.00 | OK | |||
r-oldrel-windows-x86_64 | 1.0.0 | 5.00 | 57.00 | 62.00 | OK |
Version: 1.0.0
Check: data for non-ASCII characters
Result: NOTE
Note: found 12 marked UTF-8 strings
Flavors: r-devel-linux-x86_64-fedora-clang, r-devel-linux-x86_64-fedora-gcc