Last updated on 2025-11-25 07:49:59 CET.
| Flavor | Version | Tinstall | Tcheck | Ttotal | Status | Flags |
|---|---|---|---|---|---|---|
| r-devel-linux-x86_64-debian-clang | 2.1.2 | 40.43 | 353.17 | 393.60 | OK | |
| r-devel-linux-x86_64-debian-gcc | 2.1.2 | 0.28 | 2.48 | 2.76 | ERROR | |
| r-devel-linux-x86_64-fedora-clang | 2.1.2 | 3.04 | ERROR | |||
| r-devel-linux-x86_64-fedora-gcc | 2.1.2 | 2.85 | ERROR | |||
| r-devel-windows-x86_64 | 2.1.2 | 38.00 | 263.00 | 301.00 | OK | |
| r-patched-linux-x86_64 | 2.1.2 | 37.84 | 333.08 | 370.92 | OK | |
| r-release-linux-x86_64 | 2.1.2 | 39.19 | 336.52 | 375.71 | OK | |
| r-release-macos-arm64 | 2.1.2 | OK | ||||
| r-release-macos-x86_64 | 2.1.2 | 37.00 | 222.00 | 259.00 | OK | |
| r-release-windows-x86_64 | 2.1.2 | 35.00 | 257.00 | 292.00 | OK | |
| r-oldrel-macos-arm64 | 2.1.2 | NOTE | ||||
| r-oldrel-macos-x86_64 | 2.1.2 | 36.00 | 301.00 | 337.00 | NOTE | |
| r-oldrel-windows-x86_64 | 2.1.2 | 51.00 | 366.00 | 417.00 | OK |
Version: 2.1.2
Check: package dependencies
Result: ERROR
Package required but not available: ‘giscoR’
Package suggested but not available for checking: ‘INLA’
See section ‘The DESCRIPTION file’ in the ‘Writing R Extensions’
manual.
Flavor: r-devel-linux-x86_64-debian-gcc
Version: 2.1.2
Check: package dependencies
Result: ERROR
Package required but not available: ‘giscoR’
See section ‘The DESCRIPTION file’ in the ‘Writing R Extensions’
manual.
Flavors: r-devel-linux-x86_64-fedora-clang, r-devel-linux-x86_64-fedora-gcc
Version: 2.1.2
Check: package dependencies
Result: NOTE
Package suggested but not available for checking: ‘INLA’
Flavors: r-oldrel-macos-arm64, r-oldrel-macos-x86_64
Version: 2.1.2
Check: Rd cross-references
Result: NOTE
Package unavailable to check Rd xrefs: ‘INLA’
Flavors: r-oldrel-macos-arm64, r-oldrel-macos-x86_64