Last updated on 2024-04-30 12:51:51 CEST.
Flavor | Version | Tinstall | Tcheck | Ttotal | Status | Flags |
---|---|---|---|---|---|---|
r-devel-linux-x86_64-debian-clang | 0.19.10 | 31.46 | 570.52 | 601.98 | NOTE | |
r-devel-linux-x86_64-debian-gcc | 0.19.10 | 22.52 | 432.80 | 455.32 | NOTE | |
r-devel-linux-x86_64-fedora-clang | 0.19.10 | 771.90 | NOTE | |||
r-devel-linux-x86_64-fedora-gcc | 0.19.10 | 742.47 | NOTE | |||
r-devel-windows-x86_64 | 0.19.10 | 27.00 | 333.00 | 360.00 | OK | |
r-patched-linux-x86_64 | 0.19.10 | 38.69 | 559.64 | 598.33 | NOTE | |
r-release-linux-x86_64 | 0.19.10 | 35.25 | 537.52 | 572.77 | NOTE | |
r-release-macos-arm64 | 0.19.10 | 144.00 | OK | |||
r-release-macos-x86_64 | 0.19.10 | 515.00 | OK | |||
r-release-windows-x86_64 | 0.19.10 | 26.00 | 323.00 | 349.00 | OK | |
r-oldrel-macos-arm64 | 0.19.10 | 201.00 | OK | |||
r-oldrel-macos-x86_64 | 0.19.10 | 518.00 | OK | |||
r-oldrel-windows-x86_64 | 0.19.10 | 26.00 | 465.00 | 491.00 | OK |
Version: 0.19.10
Check: package dependencies
Result: NOTE
Package suggested but not available for checking: ‘mhurdle’
Flavors: r-devel-linux-x86_64-debian-clang, r-devel-linux-x86_64-debian-gcc, r-devel-linux-x86_64-fedora-clang, r-devel-linux-x86_64-fedora-gcc
Version: 0.19.10
Check: package dependencies
Result: NOTE
Packages suggested but not available for checking: 'blavaan', 'mhurdle'
Flavor: r-patched-linux-x86_64
Version: 0.19.10
Check: package dependencies
Result: NOTE
Packages suggested but not available for checking: 'mhurdle', 'rstanarm'
Flavor: r-release-linux-x86_64