Last updated on 2024-05-12 13:56:52 CEST.
Flavor | Version | Tinstall | Tcheck | Ttotal | Status | Flags |
---|---|---|---|---|---|---|
r-devel-linux-x86_64-debian-clang | 1.1.1 | 3.67 | 50.65 | 54.32 | OK | |
r-devel-linux-x86_64-debian-gcc | 1.1.1 | 2.54 | 37.54 | 40.08 | OK | |
r-devel-linux-x86_64-fedora-clang | 1.1.1 | 65.66 | NOTE | |||
r-devel-linux-x86_64-fedora-gcc | 1.1.1 | 72.12 | NOTE | |||
r-devel-windows-x86_64 | 1.1.1 | 4.00 | 71.00 | 75.00 | OK | |
r-patched-linux-x86_64 | 1.1.1 | 2.97 | 49.75 | 52.72 | OK | |
r-release-linux-x86_64 | 1.1.1 | 3.27 | 46.97 | 50.24 | OK | |
r-release-macos-arm64 | 1.1.1 | 24.00 | OK | |||
r-release-macos-x86_64 | 1.1.1 | 58.00 | OK | |||
r-release-windows-x86_64 | 1.1.1 | 4.00 | 69.00 | 73.00 | OK | |
r-oldrel-macos-arm64 | 1.1.1 | 32.00 | OK | |||
r-oldrel-macos-x86_64 | 1.1.1 | 53.00 | OK | |||
r-oldrel-windows-x86_64 | 1.1.1 | 5.00 | 77.00 | 82.00 | OK |
Version: 1.1.1
Check: Rd cross-references
Result: NOTE
Undeclared package ‘chromote’ in Rd xrefs
Flavor: r-devel-linux-x86_64-fedora-clang
Version: 1.1.1
Check: data for non-ASCII characters
Result: NOTE
Note: found 9 marked UTF-8 strings
Flavors: r-devel-linux-x86_64-fedora-clang, r-devel-linux-x86_64-fedora-gcc