Last updated on 2025-11-04 07:49:57 CET.
| Flavor | Version | Tinstall | Tcheck | Ttotal | Status | Flags | 
|---|---|---|---|---|---|---|
| r-devel-linux-x86_64-debian-clang | 0.14.2 | 3.20 | 32.42 | 35.62 | NOTE | |
| r-devel-linux-x86_64-debian-gcc | 0.14.2 | 2.57 | 24.92 | 27.49 | NOTE | |
| r-devel-linux-x86_64-fedora-clang | 0.14.2 | 13.00 | 42.11 | 55.11 | OK | |
| r-devel-linux-x86_64-fedora-gcc | 0.14.2 | 48.37 | OK | |||
| r-devel-windows-x86_64 | 0.14.2 | 5.00 | 49.00 | 54.00 | OK | |
| r-patched-linux-x86_64 | 0.14.2 | 3.67 | 29.38 | 33.05 | OK | |
| r-release-linux-x86_64 | 0.14.2 | 3.41 | 29.57 | 32.98 | OK | |
| r-release-macos-arm64 | 0.14.2 | 2.00 | 18.00 | 20.00 | OK | |
| r-release-macos-x86_64 | 0.14.2 | 3.00 | 30.00 | 33.00 | OK | |
| r-release-windows-x86_64 | 0.14.2 | 5.00 | 48.00 | 53.00 | OK | |
| r-oldrel-macos-arm64 | 0.14.2 | 2.00 | 16.00 | 18.00 | OK | |
| r-oldrel-macos-x86_64 | 0.14.2 | 3.00 | 26.00 | 29.00 | OK | |
| r-oldrel-windows-x86_64 | 0.14.2 | 7.00 | 58.00 | 65.00 | OK | 
Version: 0.14.2
Check: CRAN incoming feasibility
Result: NOTE
  Maintainer: ‘Dominik Leutnant <leutnant@fh-muenster.de>’
  
  Found the following (possibly) invalid file URI:
    URI: CONDUCT.md
      From: README.md
Flavors: r-devel-linux-x86_64-debian-clang, r-devel-linux-x86_64-debian-gcc