Last updated on 2025-06-30 15:49:41 CEST.
Flavor | Version | Tinstall | Tcheck | Ttotal | Status | Flags |
---|---|---|---|---|---|---|
r-devel-linux-x86_64-debian-clang | 1.1.7 | 213.24 | 122.57 | 335.81 | OK | |
r-devel-linux-x86_64-debian-gcc | 1.1.7 | 157.48 | 83.39 | 240.87 | OK | |
r-devel-linux-x86_64-fedora-clang | 1.1.7 | 605.13 | OK | |||
r-devel-linux-x86_64-fedora-gcc | 1.1.7 | 588.34 | OK | |||
r-devel-windows-x86_64 | 1.1.7 | 236.00 | 170.00 | 406.00 | OK | |
r-patched-linux-x86_64 | OK | |||||
r-release-linux-x86_64 | 1.1.7 | 197.99 | 114.31 | 312.30 | OK | |
r-release-macos-arm64 | 1.1.7 | 140.00 | OK | |||
r-release-macos-x86_64 | 1.1.7 | 163.00 | OK | |||
r-release-windows-x86_64 | 1.1.7 | 224.00 | 165.00 | 389.00 | OK | |
r-oldrel-macos-arm64 | 1.1.7 | 125.00 | NOTE | |||
r-oldrel-macos-x86_64 | 1.1.7 | 160.00 | NOTE | |||
r-oldrel-windows-x86_64 | 1.1.7 | 281.00 | 205.00 | 486.00 | OK |
Version: 1.1.7
Check: installed package size
Result: NOTE
installed size is 14.6Mb
sub-directories of 1Mb or more:
libs 13.2Mb
Flavors: r-oldrel-macos-arm64, r-oldrel-macos-x86_64