Last updated on 2025-11-24 07:50:03 CET.
| Flavor | Version | Tinstall | Tcheck | Ttotal | Status | Flags |
|---|---|---|---|---|---|---|
| r-devel-linux-x86_64-debian-clang | 0.1.1 | 2.01 | 33.14 | 35.15 | OK | |
| r-devel-linux-x86_64-debian-gcc | 0.1.1 | 1.71 | 26.87 | 28.58 | OK | |
| r-devel-linux-x86_64-fedora-clang | 0.1.1 | 54.49 | OK | |||
| r-devel-linux-x86_64-fedora-gcc | 0.1.1 | 65.56 | OK | |||
| r-devel-windows-x86_64 | 0.1.1 | 7.00 | 52.00 | 59.00 | OK | |
| r-patched-linux-x86_64 | 0.1.1 | 2.22 | 31.30 | 33.52 | OK | |
| r-release-linux-x86_64 | 0.1.1 | 1.49 | 31.15 | 32.64 | OK | |
| r-release-macos-arm64 | 0.1.1 | OK | ||||
| r-release-macos-x86_64 | 0.1.1 | 2.00 | 53.00 | 55.00 | OK | |
| r-release-windows-x86_64 | 0.1.1 | 5.00 | 52.00 | 57.00 | OK | |
| r-oldrel-macos-arm64 | 0.1.1 | NOTE | ||||
| r-oldrel-macos-x86_64 | 0.1.1 | 2.00 | 39.00 | 41.00 | NOTE | |
| r-oldrel-windows-x86_64 | 0.1.1 | 6.00 | 65.00 | 71.00 | NOTE |
Version: 0.1.1
Check: LazyData
Result: NOTE
'LazyData' is specified without a 'data' directory
Flavors: r-oldrel-macos-arm64, r-oldrel-macos-x86_64, r-oldrel-windows-x86_64