Last updated on 2025-02-22 12:50:36 CET.
Flavor | Version | Tinstall | Tcheck | Ttotal | Status | Flags |
---|---|---|---|---|---|---|
r-devel-linux-x86_64-debian-clang | 0.0.4 | 35.67 | 53.00 | 88.67 | NOTE | |
r-devel-linux-x86_64-debian-gcc | 0.0.4 | 25.12 | 39.99 | 65.11 | NOTE | |
r-devel-linux-x86_64-fedora-clang | 0.0.4 | 140.09 | NOTE | |||
r-devel-linux-x86_64-fedora-gcc | 0.0.4 | 143.45 | NOTE | |||
r-devel-macos-arm64 | 0.0.4 | 44.00 | NOTE | |||
r-devel-macos-x86_64 | 0.0.4 | 86.00 | NOTE | |||
r-devel-windows-x86_64 | 0.0.4 | 32.00 | 89.00 | 121.00 | NOTE | |
r-patched-linux-x86_64 | 0.0.4 | 30.80 | 51.31 | 82.11 | NOTE | |
r-release-linux-x86_64 | 0.0.4 | 32.57 | 50.96 | 83.53 | NOTE | |
r-release-macos-arm64 | 0.0.4 | 42.00 | NOTE | |||
r-release-macos-x86_64 | 0.0.4 | 64.00 | NOTE | |||
r-release-windows-x86_64 | 0.0.4 | 32.00 | 87.00 | 119.00 | NOTE | |
r-oldrel-macos-arm64 | 0.0.4 | 46.00 | NOTE | |||
r-oldrel-macos-x86_64 | 0.0.4 | 78.00 | NOTE | |||
r-oldrel-windows-x86_64 | 0.0.4 | 41.00 | 108.00 | 149.00 | NOTE |
Version: 0.0.4
Check: C++ specification
Result: NOTE
Specified C++11: please drop specification unless essential
Flavors: r-devel-linux-x86_64-debian-clang, r-devel-linux-x86_64-debian-gcc, r-devel-linux-x86_64-fedora-clang, r-devel-linux-x86_64-fedora-gcc, r-devel-macos-arm64, r-devel-macos-x86_64, r-devel-windows-x86_64, r-patched-linux-x86_64, r-release-linux-x86_64, r-release-macos-arm64, r-release-macos-x86_64, r-release-windows-x86_64, r-oldrel-macos-arm64, r-oldrel-macos-x86_64, r-oldrel-windows-x86_64
Version: 0.0.4
Check: installed package size
Result: NOTE
installed size is 5.0Mb
sub-directories of 1Mb or more:
libs 4.9Mb
Flavors: r-oldrel-macos-arm64, r-oldrel-macos-x86_64