Last updated on 2025-10-14 09:51:36 CEST.
Flavor | Version | Tinstall | Tcheck | Ttotal | Status | Flags |
---|---|---|---|---|---|---|
r-devel-linux-x86_64-debian-clang | 2.1.4 | 229.76 | 426.80 | 656.56 | NOTE | |
r-devel-linux-x86_64-debian-gcc | 2.1.4 | 177.95 | 287.12 | 465.07 | NOTE | |
r-devel-linux-x86_64-fedora-clang | 2.2.0 | 1454.86 | OK | |||
r-devel-linux-x86_64-fedora-gcc | 2.2.0 | 1498.22 | OK | |||
r-devel-windows-x86_64 | 2.2.0 | 390.00 | 655.00 | 1045.00 | OK | |
r-patched-linux-x86_64 | 2.1.4 | 245.97 | 405.89 | 651.86 | NOTE | |
r-release-linux-x86_64 | 2.1.4 | 230.77 | 404.68 | 635.45 | NOTE | |
r-release-macos-arm64 | 2.2.0 | 439.00 | OK | |||
r-release-macos-x86_64 | 2.2.0 | 778.00 | OK | |||
r-release-windows-x86_64 | 2.1.4 | 530.00 | 500.00 | 1030.00 | NOTE | |
r-oldrel-macos-arm64 | 2.2.0 | 432.00 | NOTE | |||
r-oldrel-macos-x86_64 | 2.2.0 | 835.00 | NOTE | |||
r-oldrel-windows-x86_64 | 2.1.4 | 578.00 | 601.00 | 1179.00 | NOTE |
Version: 2.1.4
Check: compiled code
Result: NOTE
File ‘igraph/libs/igraph.so’:
Found non-API call to R: ‘Rf_allocSExp’
Compiled code should not call non-API entry points in R.
See ‘Writing portable packages’ in the ‘Writing R Extensions’ manual,
and section ‘Moving into C API compliance’ for issues with the use of
non-API entry points.
Flavors: r-devel-linux-x86_64-debian-clang, r-devel-linux-x86_64-debian-gcc, r-patched-linux-x86_64, r-release-linux-x86_64
Version: 2.1.4
Check: compiled code
Result: NOTE
File 'igraph/libs/x64/igraph.dll':
Found non-API call to R: 'Rf_allocSExp'
Compiled code should not call non-API entry points in R.
See 'Writing portable packages' in the 'Writing R Extensions' manual,
and section 'Moving into C API compliance' for issues with the use of
non-API entry points.
Flavor: r-release-windows-x86_64
Version: 2.2.0
Check: installed package size
Result: NOTE
installed size is 23.2Mb
sub-directories of 1Mb or more:
R 2.1Mb
doc 1.2Mb
help 2.1Mb
libs 17.4Mb
Flavors: r-oldrel-macos-arm64, r-oldrel-macos-x86_64
Version: 2.1.4
Check: installed package size
Result: NOTE
installed size is 10.7Mb
sub-directories of 1Mb or more:
R 1.3Mb
doc 1.2Mb
help 2.1Mb
libs 5.7Mb
Flavor: r-oldrel-windows-x86_64