CRAN Package Check Results for Package iGasso

Last updated on 2025-06-30 15:49:41 CEST.

Flavor Version Tinstall Tcheck Ttotal Status Flags
r-devel-linux-x86_64-debian-clang 1.6.1 2.32 26.00 28.32 NOTE
r-devel-linux-x86_64-debian-gcc 1.6.1 1.93 20.51 22.44 NOTE
r-devel-linux-x86_64-fedora-clang 1.6.1 44.48 OK
r-devel-linux-x86_64-fedora-gcc 1.6.1 42.06 OK
r-devel-windows-x86_64 1.6.1 5.00 49.00 54.00 OK
r-patched-linux-x86_64 OK
r-release-linux-x86_64 1.6.1 2.78 24.81 27.59 OK
r-release-macos-arm64 1.6.1 17.00 OK
r-release-macos-x86_64 1.6.1 28.00 OK
r-release-windows-x86_64 1.6.1 4.00 48.00 52.00 OK
r-oldrel-macos-arm64 1.6.1 18.00 OK
r-oldrel-macos-x86_64 1.6.1 24.00 OK
r-oldrel-windows-x86_64 1.6.1 6.00 52.00 58.00 OK

Check Details

Version: 1.6.1
Check: CRAN incoming feasibility
Result: NOTE Maintainer: ‘Kai Wang <kai-wang@uiowa.edu>’ No Authors@R field in DESCRIPTION. Please add one, modifying Authors@R: c(person(given = c("Dr.", "Kai"), family = "Wang", role = "aut"), person(given = "Kai", family = "Wang", role = "cre", email = "kai-wang@uiowa.edu")) as necessary. Flavors: r-devel-linux-x86_64-debian-clang, r-devel-linux-x86_64-debian-gcc