Last updated on 2024-05-09 12:49:13 CEST.
Flavor | Version | Tinstall | Tcheck | Ttotal | Status | Flags |
---|---|---|---|---|---|---|
r-devel-linux-x86_64-debian-clang | 0.2.0 | 3.75 | 36.84 | 40.59 | NOTE | |
r-devel-linux-x86_64-debian-gcc | 0.2.0 | 2.56 | 27.82 | 30.38 | NOTE | |
r-devel-linux-x86_64-fedora-clang | 0.2.0 | 50.25 | NOTE | |||
r-devel-linux-x86_64-fedora-gcc | 0.2.0 | 95.86 | NOTE | |||
r-devel-windows-x86_64 | 0.2.0 | 4.00 | 49.00 | 53.00 | NOTE | |
r-patched-linux-x86_64 | 0.2.0 | 3.48 | 34.74 | 38.22 | NOTE | |
r-release-linux-x86_64 | 0.2.0 | 2.22 | 36.03 | 38.25 | NOTE | |
r-release-macos-arm64 | 0.2.0 | 28.00 | NOTE | |||
r-release-windows-x86_64 | 0.2.0 | 3.00 | 48.00 | 51.00 | NOTE | |
r-oldrel-macos-arm64 | 0.2.0 | 25.00 | NOTE | |||
r-oldrel-macos-x86_64 | 0.2.0 | 35.00 | NOTE | |||
r-oldrel-windows-x86_64 | 0.2.0 | 4.00 | 50.00 | 54.00 | NOTE |
Version: 0.2.0
Check: LazyData
Result: NOTE
'LazyData' is specified without a 'data' directory
Flavors: r-devel-linux-x86_64-debian-clang, r-devel-linux-x86_64-debian-gcc, r-devel-linux-x86_64-fedora-clang, r-devel-linux-x86_64-fedora-gcc, r-devel-windows-x86_64, r-patched-linux-x86_64, r-release-linux-x86_64, r-release-macos-arm64, r-release-windows-x86_64, r-oldrel-macos-arm64, r-oldrel-macos-x86_64, r-oldrel-windows-x86_64