Last updated on 2024-05-12 13:56:51 CEST.
Flavor | Version | Tinstall | Tcheck | Ttotal | Status | Flags |
---|---|---|---|---|---|---|
r-devel-linux-x86_64-debian-clang | 0.1.0 | 4.71 | 40.07 | 44.78 | OK | |
r-devel-linux-x86_64-debian-gcc | 0.1.0 | 3.16 | 30.92 | 34.08 | OK | |
r-devel-linux-x86_64-fedora-clang | 0.1.0 | 54.53 | NOTE | |||
r-devel-linux-x86_64-fedora-gcc | 0.1.0 | 71.97 | NOTE | |||
r-devel-windows-x86_64 | 0.1.0 | 5.00 | 51.00 | 56.00 | OK | |
r-patched-linux-x86_64 | 0.1.0 | 4.36 | 38.81 | 43.17 | OK | |
r-release-linux-x86_64 | 0.1.0 | 3.37 | 37.59 | 40.96 | OK | |
r-release-macos-arm64 | 0.1.0 | 21.00 | OK | |||
r-release-windows-x86_64 | 0.1.0 | 5.00 | 51.00 | 56.00 | OK | |
r-oldrel-macos-arm64 | 0.1.0 | 21.00 | OK | |||
r-oldrel-macos-x86_64 | 0.1.0 | 29.00 | OK | |||
r-oldrel-windows-x86_64 | 0.1.0 | 6.00 | 54.00 | 60.00 | OK |
Version: 0.1.0
Check: data for non-ASCII characters
Result: NOTE
Note: found 124 marked UTF-8 strings
Flavors: r-devel-linux-x86_64-fedora-clang, r-devel-linux-x86_64-fedora-gcc