Last updated on 2025-05-03 22:49:56 CEST.
Flavor | Version | Tinstall | Tcheck | Ttotal | Status | Flags |
---|---|---|---|---|---|---|
r-devel-linux-x86_64-debian-clang | 1.1.0 | 1.49 | 16.81 | 18.30 | NOTE | |
r-devel-linux-x86_64-debian-gcc | 1.1.0 | 1.35 | 13.81 | 15.16 | NOTE | |
r-devel-linux-x86_64-fedora-clang | 1.1.0 | 29.28 | OK | |||
r-devel-linux-x86_64-fedora-gcc | 1.1.1 | 27.89 | OK | |||
r-devel-windows-x86_64 | 1.1.0 | 2.00 | 35.00 | 37.00 | OK | |
r-patched-linux-x86_64 | 1.1.0 | 1.47 | 16.31 | 17.78 | OK | |
r-release-linux-x86_64 | OK | |||||
r-release-macos-arm64 | 1.1.1 | 11.00 | OK | |||
r-release-macos-x86_64 | 1.1.1 | 22.00 | OK | |||
r-release-windows-x86_64 | 1.1.0 | 4.00 | 36.00 | 40.00 | OK | |
r-oldrel-macos-arm64 | 1.1.1 | 17.00 | OK | |||
r-oldrel-macos-x86_64 | 1.1.1 | 26.00 | OK | |||
r-oldrel-windows-x86_64 | 1.1.0 | 3.00 | 33.00 | 36.00 | OK |
Version: 1.1.0
Check: CRAN incoming feasibility
Result: NOTE
Maintainer: ‘Francis Huang <huangf@missouri.edu>’
No Authors@R field in DESCRIPTION.
Please add one, modifying
Authors@R: person(given = "Francis",
family = "Huang",
role = c("aut", "cre"),
email = "huangf@missouri.edu")
as necessary.
The Description field contains
<https://link.springer.com/article/10.1007/BF02289447>). Users then
Please use permanent DOI markup for linking to publications as in <doi:prefix/suffix>.
Flavors: r-devel-linux-x86_64-debian-clang, r-devel-linux-x86_64-debian-gcc