Last updated on 2025-11-24 07:50:03 CET.
| Flavor | Version | Tinstall | Tcheck | Ttotal | Status | Flags |
|---|---|---|---|---|---|---|
| r-devel-linux-x86_64-debian-clang | 0.1.1 | 2.38 | 50.62 | 53.00 | NOTE | |
| r-devel-linux-x86_64-debian-gcc | 0.1.1 | 1.76 | 35.42 | 37.18 | NOTE | |
| r-devel-linux-x86_64-fedora-clang | 0.1.1 | 84.22 | NOTE | |||
| r-devel-linux-x86_64-fedora-gcc | 0.1.1 | 74.66 | NOTE | |||
| r-devel-windows-x86_64 | 0.1.1 | 9.00 | 66.00 | 75.00 | NOTE | |
| r-patched-linux-x86_64 | 0.1.1 | 2.76 | 46.75 | 49.51 | NOTE | |
| r-release-linux-x86_64 | 0.1.1 | 2.69 | 46.20 | 48.89 | NOTE | |
| r-release-macos-arm64 | 0.1.1 | NOTE | ||||
| r-release-macos-x86_64 | 0.1.1 | 2.00 | 43.00 | 45.00 | NOTE | |
| r-release-windows-x86_64 | 0.1.1 | 6.00 | 65.00 | 71.00 | NOTE | |
| r-oldrel-macos-arm64 | 0.1.1 | OK | ||||
| r-oldrel-macos-x86_64 | 0.1.1 | 2.00 | 49.00 | 51.00 | OK | |
| r-oldrel-windows-x86_64 | 0.1.1 | 5.00 | 80.00 | 85.00 | OK |
Version: 0.1.1
Check: DESCRIPTION meta-information
Result: NOTE
Missing dependency on R >= 4.1.0 because package code uses the pipe
|> or function shorthand \(...) syntax added in R 4.1.0.
File(s) using such syntax:
‘rstar_glm.Rd’ ‘run_sim_rstar_glm.Rd’ ‘sim_rstar_glm.Rd’
Flavors: r-devel-linux-x86_64-debian-clang, r-devel-linux-x86_64-debian-gcc, r-devel-linux-x86_64-fedora-clang, r-devel-linux-x86_64-fedora-gcc, r-devel-windows-x86_64, r-patched-linux-x86_64, r-release-linux-x86_64, r-release-macos-arm64, r-release-macos-x86_64, r-release-windows-x86_64