CRAN Package Check Results for Package historicalborrowlong

Last updated on 2025-06-30 15:49:40 CEST.

Flavor Version Tinstall Tcheck Ttotal Status Flags
r-devel-linux-x86_64-debian-clang 0.1.0 188.85 259.08 447.93 OK
r-devel-linux-x86_64-debian-gcc 0.1.0 159.39 181.81 341.20 OK
r-devel-linux-x86_64-fedora-clang 0.1.0 680.24 OK
r-devel-linux-x86_64-fedora-gcc 0.1.0 770.19 OK
r-devel-windows-x86_64 0.1.0 195.00 266.00 461.00 OK
r-patched-linux-x86_64 OK
r-release-linux-x86_64 0.1.0 210.96 255.96 466.92 OK
r-release-macos-arm64 0.1.0 177.00 OK
r-release-macos-x86_64 0.1.0 381.00 OK
r-release-windows-x86_64 0.1.0 196.00 260.00 456.00 OK
r-oldrel-macos-arm64 0.1.0 98.00 NOTE
r-oldrel-macos-x86_64 0.1.0 185.00 NOTE
r-oldrel-windows-x86_64 0.1.0 234.00 336.00 570.00 NOTE

Check Details

Version: 0.1.0
Check: installed package size
Result: NOTE installed size is 83.3Mb sub-directories of 1Mb or more: libs 82.8Mb Flavors: r-oldrel-macos-arm64, r-oldrel-macos-x86_64

Version: 0.1.0
Check: for GNU extensions in Makefiles
Result: NOTE GNU make is a SystemRequirements. Flavors: r-oldrel-macos-arm64, r-oldrel-macos-x86_64, r-oldrel-windows-x86_64