Last updated on 2025-11-25 07:49:59 CET.
| Flavor | Version | Tinstall | Tcheck | Ttotal | Status | Flags |
|---|---|---|---|---|---|---|
| r-devel-linux-x86_64-debian-clang | 1.10.0-3 | 687.80 | 42.38 | 730.18 | OK | |
| r-devel-linux-x86_64-debian-gcc | 1.12.0-1 | 569.03 | 32.31 | 601.34 | OK | |
| r-devel-linux-x86_64-fedora-clang | 1.12.0-1 | 478.00 | 1114.05 | 1592.05 | OK | |
| r-devel-linux-x86_64-fedora-gcc | 1.12.0-1 | 1740.00 | -52.83 | 1687.17 | OK | |
| r-devel-windows-x86_64 | 1.10.0-3 | 1280.00 | 114.00 | 1394.00 | OK | |
| r-patched-linux-x86_64 | 1.10.0-3 | 799.47 | 37.60 | 837.07 | OK | |
| r-release-linux-x86_64 | 1.10.0-3 | 788.67 | 37.87 | 826.54 | OK | |
| r-release-macos-arm64 | 1.12.0-1 | 36.00 | 17.00 | 53.00 | OK | |
| r-release-macos-x86_64 | 1.12.0-1 | 496.00 | 109.00 | 605.00 | OK | |
| r-release-windows-x86_64 | 1.10.0-3 | 1042.00 | 112.00 | 1154.00 | OK | |
| r-oldrel-macos-arm64 | 1.12.0-1 | 35.00 | 19.00 | 54.00 | NOTE | |
| r-oldrel-macos-x86_64 | 1.12.0-1 | 493.00 | 68.00 | 561.00 | NOTE | |
| r-oldrel-windows-x86_64 | 1.10.0-3 | 943.00 | 134.00 | 1077.00 | NOTE |
Version: 1.12.0-1
Check: installed package size
Result: NOTE
installed size is 60.6Mb
sub-directories of 1Mb or more:
libs 60.4Mb
Flavors: r-oldrel-macos-arm64, r-oldrel-macos-x86_64
Version: 1.10.0-3
Check: installed package size
Result: NOTE
installed size is 5.4Mb
sub-directories of 1Mb or more:
libs 5.1Mb
Flavor: r-oldrel-windows-x86_64