Last updated on 2024-05-09 12:49:13 CEST.
Flavor | Version | Tinstall | Tcheck | Ttotal | Status | Flags |
---|---|---|---|---|---|---|
r-devel-linux-x86_64-debian-clang | 0.2.11 | 8.92 | 77.41 | 86.33 | NOTE | |
r-devel-linux-x86_64-debian-gcc | 0.2.11 | 5.68 | 56.18 | 61.86 | NOTE | |
r-devel-linux-x86_64-fedora-clang | 0.2.11 | 105.26 | NOTE | |||
r-devel-linux-x86_64-fedora-gcc | 0.2.11 | 134.26 | NOTE | |||
r-devel-windows-x86_64 | 0.2.11 | 9.00 | 81.00 | 90.00 | NOTE | |
r-patched-linux-x86_64 | 0.2.11 | 10.74 | 73.02 | 83.76 | NOTE | |
r-release-linux-x86_64 | 0.2.11 | 7.66 | 71.51 | 79.17 | NOTE | |
r-release-macos-arm64 | 0.2.11 | 31.00 | OK | |||
r-release-windows-x86_64 | 0.2.11 | 9.00 | 79.00 | 88.00 | NOTE | |
r-oldrel-macos-arm64 | 0.2.11 | 39.00 | OK | |||
r-oldrel-macos-x86_64 | 0.2.11 | 50.00 | OK | |||
r-oldrel-windows-x86_64 | 0.2.11 | 11.00 | 90.00 | 101.00 | OK |
Version: 0.2.11
Check: HTML version of manual
Result: NOTE
Found the following HTML validation problems:
get_breaks.html:78:1 (get_breaks.Rd:37): Warning: trimming empty <dt>
Flavors: r-devel-linux-x86_64-debian-clang, r-devel-linux-x86_64-debian-gcc, r-devel-linux-x86_64-fedora-clang, r-devel-linux-x86_64-fedora-gcc, r-devel-windows-x86_64, r-patched-linux-x86_64, r-release-linux-x86_64, r-release-windows-x86_64
Version: 0.2.11
Check: dependencies in R code
Result: NOTE
Namespace in Imports field not imported from: ‘usethis’
All declared Imports should be used.
Flavors: r-devel-linux-x86_64-fedora-clang, r-devel-linux-x86_64-fedora-gcc