CRAN Package Check Results for Package hglm.data

Last updated on 2025-11-25 07:49:58 CET.

Flavor Version Tinstall Tcheck Ttotal Status Flags
r-devel-linux-x86_64-debian-clang 1.0-1 4.67 35.50 40.17 NOTE
r-devel-linux-x86_64-debian-gcc 1.0-1 3.70 26.93 30.63 NOTE
r-devel-linux-x86_64-fedora-clang 1.0-1 10.00 48.05 58.05 NOTE
r-devel-linux-x86_64-fedora-gcc 1.0-1 55.23 NOTE
r-devel-windows-x86_64 1.0-1 7.00 50.00 57.00 NOTE
r-patched-linux-x86_64 1.0-1 3.51 32.78 36.29 NOTE
r-release-linux-x86_64 1.0-1 4.37 33.06 37.43 NOTE
r-release-macos-arm64 1.0-1 NOTE
r-release-macos-x86_64 1.0-1 7.00 50.00 57.00 NOTE
r-release-windows-x86_64 1.0-1 6.00 60.00 66.00 NOTE
r-oldrel-macos-arm64 1.0-1 NOTE
r-oldrel-macos-x86_64 1.0-1 3.00 29.00 32.00 NOTE
r-oldrel-windows-x86_64 1.0-1 7.00 57.00 64.00 NOTE

Check Details

Version: 1.0-1
Check: CRAN incoming feasibility
Result: NOTE Maintainer: ‘Xia Shen <xia.shen@ki.se>’ No Authors@R field in DESCRIPTION. Please add one, modifying Authors@R: c(person(given = "Xia", family = "Shen", role = c("aut", "cre"), email = "xia.shen@ki.se"), person(given = "Moudud", family = "Alam", role = "aut"), person(given = "Lars", family = "Ronnegard", role = "aut")) as necessary. Flavors: r-devel-linux-x86_64-debian-clang, r-devel-linux-x86_64-debian-gcc

Version: 1.0-1
Check: Rd files
Result: NOTE checkRd: (-1) ohio.Rd:104: Escaped LaTeX specials: \& checkRd: (-1) ohio.Rd:105: Escaped LaTeX specials: \& Flavors: r-devel-linux-x86_64-debian-clang, r-devel-linux-x86_64-debian-gcc, r-devel-linux-x86_64-fedora-clang, r-devel-linux-x86_64-fedora-gcc, r-devel-windows-x86_64, r-patched-linux-x86_64, r-release-linux-x86_64, r-release-macos-arm64, r-release-macos-x86_64, r-release-windows-x86_64, r-oldrel-macos-arm64, r-oldrel-macos-x86_64, r-oldrel-windows-x86_64