Last updated on 2025-11-04 07:49:56 CET.
| Flavor | Version | Tinstall | Tcheck | Ttotal | Status | Flags | 
|---|---|---|---|---|---|---|
| r-devel-linux-x86_64-debian-clang | 0.3.1 | 18.65 | 236.49 | 255.14 | NOTE | |
| r-devel-linux-x86_64-debian-gcc | 0.3.1 | 13.32 | 158.38 | 171.70 | NOTE | |
| r-devel-linux-x86_64-fedora-clang | 0.3.1 | 100.00 | 313.49 | 413.49 | NOTE | |
| r-devel-linux-x86_64-fedora-gcc | 0.3.1 | 41.00 | 324.81 | 365.81 | NOTE | |
| r-devel-windows-x86_64 | 0.3.1 | 23.00 | 251.00 | 274.00 | NOTE | |
| r-patched-linux-x86_64 | 0.3.1 | 21.69 | 222.42 | 244.11 | NOTE | |
| r-release-linux-x86_64 | 0.3.1 | 18.40 | 220.89 | 239.29 | NOTE | |
| r-release-macos-arm64 | 0.3.1 | 9.00 | 95.00 | 104.00 | NOTE | |
| r-release-macos-x86_64 | 0.3.1 | 15.00 | 188.00 | 203.00 | NOTE | |
| r-release-windows-x86_64 | 0.3.1 | 24.00 | 241.00 | 265.00 | NOTE | |
| r-oldrel-macos-arm64 | 0.3.1 | 8.00 | 78.00 | 86.00 | NOTE | |
| r-oldrel-macos-x86_64 | 0.3.1 | 11.00 | 100.00 | 111.00 | NOTE | |
| r-oldrel-windows-x86_64 | 0.3.1 | 30.00 | 310.00 | 340.00 | NOTE | 
Version: 0.3.1
Check: DESCRIPTION meta-information
Result: NOTE
    Missing dependency on R >= 4.1.0 because package code uses the pipe
    |> or function shorthand \(...) syntax added in R 4.1.0.
    File(s) using such syntax:
      ‘ts-random-walk.R’ ‘ts-vva-plot.R’
Flavors: r-devel-linux-x86_64-debian-clang, r-devel-linux-x86_64-debian-gcc, r-devel-linux-x86_64-fedora-clang, r-devel-linux-x86_64-fedora-gcc, r-devel-windows-x86_64, r-patched-linux-x86_64, r-release-linux-x86_64, r-release-macos-arm64, r-release-macos-x86_64, r-release-windows-x86_64
Version: 0.3.1
Check: installed package size
Result: NOTE
    installed size is  6.3Mb
    sub-directories of 1Mb or more:
      doc   5.3Mb
Flavors: r-oldrel-macos-arm64, r-oldrel-macos-x86_64, r-oldrel-windows-x86_64