Last updated on 2024-05-12 13:56:51 CEST.
Flavor | Version | Tinstall | Tcheck | Ttotal | Status | Flags |
---|---|---|---|---|---|---|
r-devel-linux-x86_64-debian-clang | 1.3.10 | 63.05 | 148.62 | 211.67 | NOTE | |
r-devel-linux-x86_64-debian-gcc | 1.3.10 | 52.45 | 107.41 | 159.86 | NOTE | |
r-devel-linux-x86_64-fedora-clang | 1.3.10 | 271.73 | NOTE | |||
r-devel-linux-x86_64-fedora-gcc | 1.3.10 | 302.59 | NOTE | |||
r-devel-windows-x86_64 | 1.3.10 | 61.00 | 160.00 | 221.00 | NOTE | |
r-patched-linux-x86_64 | 1.3.10 | 68.89 | 142.04 | 210.93 | OK | |
r-release-linux-x86_64 | 1.3.10 | 65.60 | 140.98 | 206.58 | OK | |
r-release-macos-arm64 | 1.3.10 | 81.00 | NOTE | |||
r-release-macos-x86_64 | 1.3.10 | 202.00 | NOTE | |||
r-release-windows-x86_64 | 1.3.10 | 59.00 | 150.00 | 209.00 | NOTE | |
r-oldrel-macos-arm64 | 1.3.10 | 89.00 | NOTE | |||
r-oldrel-macos-x86_64 | 1.3.10 | 185.00 | NOTE | |||
r-oldrel-windows-x86_64 | 1.3.10 | 72.00 | 190.00 | 262.00 | NOTE |
Version: 1.3.10
Check: compiled code
Result: NOTE
File ‘hdf5r/libs/hdf5r.so’:
Found non-API call to R: ‘SETLENGTH’
Compiled code should not call non-API entry points in R.
See ‘Writing portable packages’ in the ‘Writing R Extensions’ manual.
Flavors: r-devel-linux-x86_64-debian-clang, r-devel-linux-x86_64-debian-gcc, r-devel-linux-x86_64-fedora-clang, r-devel-linux-x86_64-fedora-gcc
Version: 1.3.10
Check: installed package size
Result: NOTE
installed size is 7.1Mb
sub-directories of 1Mb or more:
libs 4.5Mb
Flavors: r-devel-windows-x86_64, r-release-macos-arm64, r-release-macos-x86_64, r-release-windows-x86_64, r-oldrel-macos-arm64, r-oldrel-macos-x86_64, r-oldrel-windows-x86_64
Version: 1.3.10
Check: compiled code
Result: NOTE
File 'hdf5r/libs/x64/hdf5r.dll':
Found non-API call to R: 'SETLENGTH'
Compiled code should not call non-API entry points in R.
See 'Writing portable packages' in the 'Writing R Extensions' manual.
Flavor: r-devel-windows-x86_64