Last updated on 2025-11-04 07:49:56 CET.
| Flavor | Version | Tinstall | Tcheck | Ttotal | Status | Flags | 
|---|---|---|---|---|---|---|
| r-devel-linux-x86_64-debian-clang | 1.1.1 | 31.52 | 579.47 | 610.99 | OK | |
| r-devel-linux-x86_64-debian-gcc | 1.1.1 | 19.99 | 392.27 | 412.26 | OK | |
| r-devel-linux-x86_64-fedora-clang | 1.1.1 | 176.00 | 821.88 | 997.88 | OK | |
| r-devel-linux-x86_64-fedora-gcc | 1.1.1 | 63.00 | 816.02 | 879.02 | OK | |
| r-devel-windows-x86_64 | 1.1.1 | 29.00 | 481.00 | 510.00 | OK | |
| r-patched-linux-x86_64 | 1.1.1 | 28.10 | 560.41 | 588.51 | OK | |
| r-release-linux-x86_64 | 1.1.1 | 28.98 | 553.26 | 582.24 | OK | |
| r-release-macos-arm64 | 1.1.1 | 13.00 | 294.00 | 307.00 | OK | |
| r-release-macos-x86_64 | 1.1.1 | 25.00 | 517.00 | 542.00 | OK | |
| r-release-windows-x86_64 | 1.1.1 | 29.00 | 479.00 | 508.00 | OK | |
| r-oldrel-macos-arm64 | 1.1.1 | 11.00 | 240.00 | 251.00 | OK | |
| r-oldrel-macos-x86_64 | 1.1.1 | 24.00 | 406.00 | 430.00 | NOTE | |
| r-oldrel-windows-x86_64 | 1.1.1 | 40.00 | 632.00 | 672.00 | OK | 
Version: 1.1.1
Check: installed package size
Result: NOTE
    installed size is  5.4Mb
    sub-directories of 1Mb or more:
      data   3.3Mb
      doc    1.1Mb
Flavor: r-oldrel-macos-x86_64