Last updated on 2025-06-30 15:49:40 CEST.
Flavor | Version | Tinstall | Tcheck | Ttotal | Status | Flags |
---|---|---|---|---|---|---|
r-devel-linux-x86_64-debian-clang | 1.0.2 | 4.47 | 39.61 | 44.08 | NOTE | |
r-devel-linux-x86_64-debian-gcc | 1.0.2 | 2.91 | 31.12 | 34.03 | NOTE | |
r-devel-linux-x86_64-fedora-clang | 1.0.2 | 66.17 | OK | |||
r-devel-linux-x86_64-fedora-gcc | 1.0.2 | 58.66 | OK | |||
r-devel-windows-x86_64 | 1.0.2 | 5.00 | 57.00 | 62.00 | OK | |
r-patched-linux-x86_64 | OK | |||||
r-release-linux-x86_64 | 1.0.2 | 3.90 | 36.19 | 40.09 | OK | |
r-release-macos-arm64 | 1.0.2 | 40.00 | OK | |||
r-release-macos-x86_64 | 1.0.2 | 50.00 | OK | |||
r-release-windows-x86_64 | 1.0.2 | 6.00 | 56.00 | 62.00 | OK | |
r-oldrel-macos-arm64 | 1.0.2 | 25.00 | OK | |||
r-oldrel-macos-x86_64 | 1.0.2 | 38.00 | OK | |||
r-oldrel-windows-x86_64 | 1.0.2 | 6.00 | 64.00 | 70.00 | OK |
Version: 1.0.2
Check: CRAN incoming feasibility
Result: NOTE
Maintainer: ‘Chris Muir <cdmuir@hawaii.edu>’
Package CITATION file contains call(s) to old-style citEntry(). Please
use bibentry() instead.
Flavors: r-devel-linux-x86_64-debian-clang, r-devel-linux-x86_64-debian-gcc