Last updated on 2025-11-04 07:49:56 CET.
| Flavor | Version | Tinstall | Tcheck | Ttotal | Status | Flags | 
|---|---|---|---|---|---|---|
| r-devel-linux-x86_64-debian-clang | 0.0.1 | 5.10 | 45.47 | 50.57 | NOTE | |
| r-devel-linux-x86_64-debian-gcc | 0.0.1 | 3.61 | 32.75 | 36.36 | NOTE | |
| r-devel-linux-x86_64-fedora-clang | 0.0.1 | 27.00 | 50.06 | 77.06 | NOTE | |
| r-devel-linux-x86_64-fedora-gcc | 0.0.1 | 11.00 | 53.04 | 64.04 | NOTE | |
| r-devel-windows-x86_64 | 0.0.1 | 7.00 | 60.00 | 67.00 | NOTE | |
| r-patched-linux-x86_64 | 0.0.1 | 6.16 | 40.51 | 46.67 | NOTE | |
| r-release-linux-x86_64 | 0.0.1 | 5.59 | 41.09 | 46.68 | NOTE | |
| r-release-macos-arm64 | 0.0.1 | 3.00 | 23.00 | 26.00 | NOTE | |
| r-release-macos-x86_64 | 0.0.1 | 5.00 | 43.00 | 48.00 | NOTE | |
| r-release-windows-x86_64 | 0.0.1 | 8.00 | 60.00 | 68.00 | NOTE | |
| r-oldrel-macos-arm64 | 0.0.1 | 3.00 | 22.00 | 25.00 | NOTE | |
| r-oldrel-macos-x86_64 | 0.0.1 | 5.00 | 37.00 | 42.00 | NOTE | |
| r-oldrel-windows-x86_64 | 0.0.1 | 10.00 | 70.00 | 80.00 | NOTE | 
Version: 0.0.1
Check: Rd files
Result: NOTE
  checkRd: (-1) guild_merge.Rd:38: Lost braces; missing escapes or markup?
      38 |     \item{\code{summary_name}}{Name used for the run summary. Use '${run_id}' in the name to include the run ID.}
         |                                                                     ^
  checkRd: (-1) guild_merge_cli.Rd:88: Lost braces; missing escapes or markup?
      88 | \item{summary_name}{Name used for the run summary. Use '${run_id}' in the name to include the run ID.}
         |                                                          ^
Flavors: r-devel-linux-x86_64-debian-clang, r-devel-linux-x86_64-debian-gcc, r-devel-linux-x86_64-fedora-clang, r-devel-linux-x86_64-fedora-gcc, r-devel-windows-x86_64, r-patched-linux-x86_64, r-release-linux-x86_64, r-release-macos-arm64, r-release-macos-x86_64, r-release-windows-x86_64, r-oldrel-macos-arm64, r-oldrel-macos-x86_64, r-oldrel-windows-x86_64