CRAN Package Check Results for Package gt

Last updated on 2025-06-30 15:49:40 CEST.

Flavor Version Tinstall Tcheck Ttotal Status Flags
r-devel-linux-x86_64-debian-clang 1.0.0 31.29 255.82 287.11 OK
r-devel-linux-x86_64-debian-gcc 1.0.0 18.83 162.61 181.44 OK
r-devel-linux-x86_64-fedora-clang 1.0.0 422.43 OK
r-devel-linux-x86_64-fedora-gcc 1.0.0 404.57 OK
r-devel-windows-x86_64 1.0.0 39.00 273.00 312.00 OK
r-patched-linux-x86_64 OK
r-release-linux-x86_64 1.0.0 29.16 233.88 263.04 OK
r-release-macos-arm64 1.0.0 103.00 OK
r-release-macos-x86_64 1.0.0 188.00 OK
r-release-windows-x86_64 1.0.0 41.00 272.00 313.00 OK
r-oldrel-macos-arm64 1.0.0 96.00 NOTE
r-oldrel-macos-x86_64 1.0.0 231.00 NOTE
r-oldrel-windows-x86_64 1.0.0 54.00 317.00 371.00 NOTE

Check Details

Version: 1.0.0
Check: installed package size
Result: NOTE installed size is 7.1Mb sub-directories of 1Mb or more: R 2.8Mb data 1.1Mb help 1.8Mb Flavors: r-oldrel-macos-arm64, r-oldrel-macos-x86_64, r-oldrel-windows-x86_64