CRAN Package Check Results for Package gsynth

Last updated on 2025-11-24 07:50:02 CET.

Flavor Version Tinstall Tcheck Ttotal Status Flags
r-devel-linux-x86_64-debian-clang 1.2.1 46.66 114.57 161.23 WARN
r-devel-linux-x86_64-debian-gcc 1.2.1 32.43 81.50 113.93 WARN
r-devel-linux-x86_64-fedora-clang 1.2.1 131.00 131.39 262.39 NOTE
r-devel-linux-x86_64-fedora-gcc 1.2.1 92.00 155.43 247.43 NOTE
r-devel-windows-x86_64 1.2.1 55.00 130.00 185.00 NOTE
r-patched-linux-x86_64 1.2.1 46.11 108.59 154.70 NOTE
r-release-linux-x86_64 1.2.1 45.54 107.92 153.46 NOTE
r-release-macos-arm64 1.2.1 NOTE
r-release-macos-x86_64 1.2.1 36.00 95.00 131.00 NOTE
r-release-windows-x86_64 1.2.1 51.00 127.00 178.00 NOTE
r-oldrel-macos-arm64 1.2.1 NOTE
r-oldrel-macos-x86_64 1.2.1 28.00 60.00 88.00 NOTE
r-oldrel-windows-x86_64 1.2.1 64.00 165.00 229.00 NOTE

Check Details

Version: 1.2.1
Check: CRAN incoming feasibility
Result: NOTE Maintainer: ‘Yiqing Xu <yiqingxu@stanford.edu>’ No Authors@R field in DESCRIPTION. Please add one, modifying Authors@R: c(person(given = "Yiqing", family = "Xu", role = c("aut", "cre"), email = "yiqingxu@stanford.edu"), person(given = "Licheng", family = "Liu", role = "aut")) as necessary. Flavors: r-devel-linux-x86_64-debian-clang, r-devel-linux-x86_64-debian-gcc

Version: 1.2.1
Check: whether package can be installed
Result: WARN Found the following significant warnings: /home/hornik/tmp/R.check/r-devel-clang/Work/build/Packages/RcppArmadillo/include/RcppArmadillo/version/arma.h:66:17: warning: Using fallback compilation with Armadillo 14.6.3. Please consider defining -DARMA_USE_CURRENT and also removing C++11 compilation directive. See GitHub issue #475 for more. [-W#pragma-messages] See ‘/home/hornik/tmp/R.check/r-devel-clang/Work/PKGS/gsynth.Rcheck/00install.out’ for details. * used C++ compiler: ‘Debian clang version 21.1.5 (1)’ Flavor: r-devel-linux-x86_64-debian-clang

Version: 1.2.1
Check: C++ specification
Result: NOTE Specified C++11: please drop specification unless essential Flavors: r-devel-linux-x86_64-debian-clang, r-devel-linux-x86_64-debian-gcc, r-devel-linux-x86_64-fedora-clang, r-devel-linux-x86_64-fedora-gcc, r-devel-windows-x86_64, r-patched-linux-x86_64, r-release-linux-x86_64, r-release-macos-arm64, r-release-macos-x86_64, r-release-windows-x86_64, r-oldrel-macos-arm64, r-oldrel-macos-x86_64, r-oldrel-windows-x86_64

Version: 1.2.1
Check: whether package can be installed
Result: WARN Found the following significant warnings: /home/hornik/tmp/R.check/r-devel-gcc/Work/build/Packages/RcppArmadillo/include/RcppArmadillo/version/arma.h:66:199: note: ‘#pragma message: Using fallback compilation with Armadillo 14.6.3. Please consider defining -DARMA_USE_CURRENT and also removing C++11 compilation directive. See GitHub issue #475 for more.’ See ‘/home/hornik/tmp/R.check/r-devel-gcc/Work/PKGS/gsynth.Rcheck/00install.out’ for details. * used C++ compiler: ‘g++-15 (Debian 15.2.0-7) 15.2.0’ Flavor: r-devel-linux-x86_64-debian-gcc