Last updated on 2025-02-22 12:50:34 CET.
Flavor | Version | Tinstall | Tcheck | Ttotal | Status | Flags |
---|---|---|---|---|---|---|
r-devel-linux-x86_64-debian-clang | 0.2.0 | 8.13 | 80.22 | 88.35 | OK | |
r-devel-linux-x86_64-debian-gcc | 0.2.0 | 5.76 | 59.46 | 65.22 | OK | |
r-devel-linux-x86_64-fedora-clang | 0.2.0 | 138.94 | OK | |||
r-devel-linux-x86_64-fedora-gcc | 0.2.0 | 148.39 | OK | |||
r-devel-macos-arm64 | 0.2.0 | 51.00 | OK | |||
r-devel-macos-x86_64 | 0.2.0 | 97.00 | OK | |||
r-devel-windows-x86_64 | 0.2.0 | 26.00 | 261.00 | 287.00 | OK | |
r-patched-linux-x86_64 | 0.2.0 | 8.53 | 74.22 | 82.75 | OK | |
r-release-linux-x86_64 | 0.2.0 | 8.43 | 74.77 | 83.20 | OK | |
r-release-macos-arm64 | 0.2.0 | 51.00 | OK | |||
r-release-macos-x86_64 | 0.2.0 | 91.00 | OK | |||
r-release-windows-x86_64 | 0.2.0 | 29.00 | 419.00 | 448.00 | OK | |
r-oldrel-macos-arm64 | 0.2.0 | 60.00 | NOTE | |||
r-oldrel-macos-x86_64 | 0.2.0 | 105.00 | NOTE | |||
r-oldrel-windows-x86_64 | 0.2.0 | 19.00 | 186.00 | 205.00 | NOTE |
Version: 0.2.0
Check: R code for possible problems
Result: NOTE
jagam2greta: no visible global function definition for ‘%||%’
Undefined global functions or variables:
%||%
Flavors: r-oldrel-macos-arm64, r-oldrel-macos-x86_64, r-oldrel-windows-x86_64